{"id":528,"date":"2025-05-27T09:46:52","date_gmt":"2025-05-27T09:46:52","guid":{"rendered":"https:\/\/oisansvacances.fr\/?page_id=528"},"modified":"2025-11-18T16:52:27","modified_gmt":"2025-11-18T16:52:27","slug":"discounts-and-benefits","status":"publish","type":"page","link":"https:\/\/oisansvacances.fr\/fr\/discounts-and-benefits\/","title":{"rendered":"R\u00e9ductions et avantages"},"content":{"rendered":"<div class=\"wp-block-cover alignfull has-parallax\" style=\"min-height:100vh;aspect-ratio:unset;\"><div class=\"wp-block-cover__image-background wp-image-745 size-large has-parallax\" style=\"background-position:50% 50%;background-image:url(https:\/\/oisansvacances.fr\/wp-content\/uploads\/2025\/11\/noura-lac-lauvital-1024x768.jpg)\"><\/div><span aria-hidden=\"true\" class=\"wp-block-cover__background has-background-dim\" style=\"background-color:#5a6b7e\"><\/span><div class=\"wp-block-cover__inner-container is-layout-flow wp-block-cover-is-layout-flow\">\n<p class=\"has-text-align-center has-white-color has-text-color\" style=\"font-size:clamp(37.821px, 2.364rem + ((1vw - 3.2px) * 2.848), 70px);font-style:normal;font-weight:900\"><strong>Moins cher. Plus facile.<\/strong><\/p>\n\n\n\n<p class=\"has-text-align-center has-white-color has-text-color has-medium-font-size\" style=\"letter-spacing:1px\">Nos r\u00e9ductions et avantages vous aident \u00e0 profiter au maximum de vos vacances.<\/p>\n<\/div><\/div>\n\n\n\n<div class=\"wp-block-columns is-layout-flex wp-container-core-columns-is-layout-28f84493 wp-block-columns-is-layout-flex\">\n<div class=\"wp-block-column is-style-shadow has-background is-layout-flow wp-block-column-is-layout-flow\" style=\"border-style:none;border-width:0px;background-color:#f4f5f8;padding-top:30px;padding-right:30px;padding-bottom:30px;padding-left:30px\">\n<p class=\"translation-block\">Simplifiez vos journ\u00e9es de ski gr\u00e2ce \u00e0 notre cadeau. Pour les r\u00e9servations d'hiver, nous vous offrons deux casiers \u00e0 skis au pied de la t\u00e9l\u00e9cabine de l'Eau d'Olle pour ranger vos skis et chaussures dans le local s\u00e9curis\u00e9 SATA. Bien entendu, cela s'ajoute \u00e0 l'espace de rangement dont vous disposez dans votre g\u00eete.<\/p>\n\n\n\n<p>Alors que notre partenariat avec l\u2019Alpe d\u2019Huez vous offre <strong>r\u00e9ductions sur les boutiques, bars et activit\u00e9s du domaine<\/strong><\/p>\n\n\n\n<div class=\"wp-block-columns is-layout-flex wp-container-core-columns-is-layout-28f84493 wp-block-columns-is-layout-flex\">\n<div class=\"wp-block-column is-layout-flow wp-block-column-is-layout-flow\">\n<figure class=\"wp-block-image aligncenter size-full is-resized\"><a href=\"https:\/\/www.oz-vaujany.com\/hiver\/casiers-a-skis\/\"><img loading=\"lazy\" decoding=\"async\" width=\"1024\" height=\"287\" src=\"https:\/\/oisansvacances.fr\/wp-content\/uploads\/2025\/05\/sata-1.png\" alt=\"\" class=\"wp-image-533\" style=\"width:417px;height:auto\" srcset=\"https:\/\/oisansvacances.fr\/wp-content\/uploads\/2025\/05\/sata-1.png 1024w, https:\/\/oisansvacances.fr\/wp-content\/uploads\/2025\/05\/sata-1-300x84.png 300w, https:\/\/oisansvacances.fr\/wp-content\/uploads\/2025\/05\/sata-1-18x5.png 18w\" sizes=\"auto, (max-width: 1024px) 100vw, 1024px\" \/><\/a><\/figure>\n<\/div>\n\n\n\n<div class=\"wp-block-column is-layout-flow wp-block-column-is-layout-flow\">\n<figure class=\"wp-block-image aligncenter size-full is-resized\"><a href=\"https:\/\/skipass.alpedhuez.com\/hiver\/club-proprietaire\/\"><img loading=\"lazy\" decoding=\"async\" width=\"744\" height=\"288\" src=\"https:\/\/oisansvacances.fr\/wp-content\/uploads\/2025\/05\/alpe-dhuez.png\" alt=\"\" class=\"wp-image-534\" style=\"width:367px;height:auto\" srcset=\"https:\/\/oisansvacances.fr\/wp-content\/uploads\/2025\/05\/alpe-dhuez.png 744w, https:\/\/oisansvacances.fr\/wp-content\/uploads\/2025\/05\/alpe-dhuez-300x116.png 300w, https:\/\/oisansvacances.fr\/wp-content\/uploads\/2025\/05\/alpe-dhuez-18x7.png 18w\" sizes=\"auto, (max-width: 744px) 100vw, 744px\" \/><\/a><\/figure>\n<\/div>\n<\/div>\n<\/div>\n<\/div>\n\n\n\n<div class=\"wp-block-group has-global-padding is-layout-constrained wp-block-group-is-layout-constrained\">\n<div class=\"wp-block-group is-layout-flow wp-block-group-is-layout-flow\">\n<div class=\"wp-block-columns is-layout-flex wp-container-core-columns-is-layout-28f84493 wp-block-columns-is-layout-flex\">\n<div class=\"wp-block-column is-style-shadow has-background is-layout-flow wp-block-column-is-layout-flow\" style=\"border-style:none;border-width:0px;background-color:#f4f5f8;padding-top:30px;padding-right:30px;padding-bottom:30px;padding-left:30px\">\n<p>Nous recommandons <strong><span style=\"text-decoration: underline;\">Cycle Huez<\/span><\/strong> Pour votre location de v\u00e9los, nous proposons une large gamme de v\u00e9los et pouvons organiser la livraison de vos v\u00e9los \u00e0 nos g\u00eetes afin qu'ils soient pr\u00eats \u00e0 votre arriv\u00e9e.<\/p>\n\n\n\n<div class=\"wp-block-group has-global-padding is-layout-constrained wp-block-group-is-layout-constrained\">\n<figure class=\"wp-block-image size-large\"><img loading=\"lazy\" decoding=\"async\" width=\"1024\" height=\"325\" src=\"https:\/\/oisansvacances.fr\/wp-content\/uploads\/2025\/05\/cyclehuez-1-1024x325.jpeg\" alt=\"\" class=\"wp-image-530\" srcset=\"https:\/\/oisansvacances.fr\/wp-content\/uploads\/2025\/05\/cyclehuez-1-1024x325.jpeg 1024w, https:\/\/oisansvacances.fr\/wp-content\/uploads\/2025\/05\/cyclehuez-1-300x95.jpeg 300w, https:\/\/oisansvacances.fr\/wp-content\/uploads\/2025\/05\/cyclehuez-1-18x6.jpeg 18w, https:\/\/oisansvacances.fr\/wp-content\/uploads\/2025\/05\/cyclehuez-1.jpeg 1500w\" sizes=\"auto, (max-width: 1024px) 100vw, 1024px\" \/><\/figure>\n<\/div>\n<\/div>\n\n\n\n<div class=\"wp-block-column is-style-shadow has-background is-layout-flow wp-block-column-is-layout-flow\" style=\"border-style:none;border-width:0px;background-color:#f4f5f8;padding-top:30px;padding-right:30px;padding-bottom:30px;padding-left:30px\">\n<p>En partenariat avec <strong>EkoSport Oz<\/strong>, nous vous proposons des r\u00e9ductions exclusives sur du mat\u00e9riel de ski de haute qualit\u00e9, soigneusement adapt\u00e9 \u00e0 tous les niveaux de comp\u00e9tence.<\/p>\n\n\n\n<p><\/p>\n\n\n\n<figure class=\"wp-block-image size-full\"><a href=\"https:\/\/www.ekosport-rent.com\/fr\/stations-ski\/france\/isere\/alpes\/oz-en-oisans-3725.html\"><img loading=\"lazy\" decoding=\"async\" width=\"613\" height=\"97\" src=\"https:\/\/oisansvacances.fr\/wp-content\/uploads\/2025\/05\/ekosport.jpg\" alt=\"\" class=\"wp-image-531\" srcset=\"https:\/\/oisansvacances.fr\/wp-content\/uploads\/2025\/05\/ekosport.jpg 613w, https:\/\/oisansvacances.fr\/wp-content\/uploads\/2025\/05\/ekosport-300x47.jpg 300w, https:\/\/oisansvacances.fr\/wp-content\/uploads\/2025\/05\/ekosport-18x3.jpg 18w\" sizes=\"auto, (max-width: 613px) 100vw, 613px\" \/><\/a><\/figure>\n\n\n\n<div class=\"wp-block-columns are-vertically-aligned-center is-layout-flex wp-container-core-columns-is-layout-28f84493 wp-block-columns-is-layout-flex\">\n<div class=\"wp-block-column is-vertically-aligned-center is-layout-flow wp-block-column-is-layout-flow\" style=\"flex-basis:100px\"><\/div>\n\n\n\n<div class=\"wp-block-column is-vertically-aligned-center is-layout-flow wp-block-column-is-layout-flow\">\n<p class=\"has-foreground-color has-text-color\"><\/p>\n<\/div>\n<\/div>\n<\/div>\n<\/div>\n<\/div>\n<\/div>\n\n\n\n<div class=\"wp-block-buttons alignfull is-content-justification-center is-layout-flex wp-container-core-buttons-is-layout-a89b3969 wp-block-buttons-is-layout-flex\">\n<div class=\"wp-block-button\"><a class=\"wp-block-button__link wp-element-button\" href=\"mailto:info@oisansvacances.fr\">Contactez-nous pour plus d'informations et codes de r\u00e9duction ici.<\/a><\/div>\n<\/div>\n\n\n\n<div style=\"height:100px\" aria-hidden=\"true\" class=\"wp-block-spacer\"><\/div>","protected":false},"excerpt":{"rendered":"<p>Make your ski days that but simpler using our gift to you. For winter season bookings our gift to you will be two ski lockers at the base of the Eau d&#8217;Olle Telecabin to store your skis and boots in the secure SATA facility. Of course this adds to the storage space you have at &hellip; <\/p>\n<p class=\"link-more\"><a href=\"https:\/\/oisansvacances.fr\/fr\/discounts-and-benefits\/\" class=\"more-link\">Lire la suite de<span class=\"screen-reader-text\">\u00ab\u00a0Discounts and Benefits\u00a0\u00bb<\/span><\/a><\/p>","protected":false},"author":1,"featured_media":0,"parent":0,"menu_order":0,"comment_status":"closed","ping_status":"closed","template":"","meta":{"inspiro_hide_title":false,"footnotes":""},"class_list":["post-528","page","type-page","status-publish","hentry"],"_links":{"self":[{"href":"https:\/\/oisansvacances.fr\/fr\/wp-json\/wp\/v2\/pages\/528","targetHints":{"allow":["GET"]}}],"collection":[{"href":"https:\/\/oisansvacances.fr\/fr\/wp-json\/wp\/v2\/pages"}],"about":[{"href":"https:\/\/oisansvacances.fr\/fr\/wp-json\/wp\/v2\/types\/page"}],"author":[{"embeddable":true,"href":"https:\/\/oisansvacances.fr\/fr\/wp-json\/wp\/v2\/users\/1"}],"replies":[{"embeddable":true,"href":"https:\/\/oisansvacances.fr\/fr\/wp-json\/wp\/v2\/comments?post=528"}],"version-history":[{"count":8,"href":"https:\/\/oisansvacances.fr\/fr\/wp-json\/wp\/v2\/pages\/528\/revisions"}],"predecessor-version":[{"id":746,"href":"https:\/\/oisansvacances.fr\/fr\/wp-json\/wp\/v2\/pages\/528\/revisions\/746"}],"wp:attachment":[{"href":"https:\/\/oisansvacances.fr\/fr\/wp-json\/wp\/v2\/media?parent=528"}],"curies":[{"name":"wp","href":"https:\/\/api.w.org\/{rel}","templated":true}]}}

Réductions et avantages

<div class="wp-block-cover alignfull has-parallax" style="min-height:100vh;aspect-ratio:unset;"><div class="wp-block-cover__image-background wp-image-745 size-large has-parallax" style="background-position:50% 50%;background-image:url(https://oisansvacances.fr/wp-content/uploads/2025/11/noura-lac-lauvital-1024x768.jpg)"></div><span aria-hidden="true" class="wp-block-cover__background has-background-dim" style="background-color:#5a6b7e"></span><div class="wp-block-cover__inner-container is-layout-flow wp-block-cover-is-layout-flow">
<p class="has-text-align-center has-white-color has-text-color" style="font-size:clamp(37.821px, 2.364rem + ((1vw - 3.2px) * 2.848), 70px);font-style:normal;font-weight:900"><strong>Moins cher. Plus facile.</strong></p>



<p class="has-text-align-center has-white-color has-text-color has-medium-font-size" style="letter-spacing:1px">Nos réductions et avantages vous aident à profiter au maximum de vos vacances.</p>
</div></div>



<div class="wp-block-columns is-layout-flex wp-container-core-columns-is-layout-28f84493 wp-block-columns-is-layout-flex">
<div class="wp-block-column is-style-shadow has-background is-layout-flow wp-block-column-is-layout-flow" style="border-style:none;border-width:0px;background-color:#f4f5f8;padding-top:30px;padding-right:30px;padding-bottom:30px;padding-left:30px">
<p class="translation-block">Simplifiez vos journées de ski grâce à notre cadeau. Pour les réservations d'hiver, nous vous offrons deux casiers à skis au pied de la télécabine de l'Eau d'Olle pour ranger vos skis et chaussures dans le local sécurisé SATA. Bien entendu, cela s'ajoute à l'espace de rangement dont vous disposez dans votre gîte.</p>



<p>Alors que notre partenariat avec l’Alpe d’Huez vous offre <strong>réductions sur les boutiques, bars et activités du domaine</strong></p>



<div class="wp-block-columns is-layout-flex wp-container-core-columns-is-layout-28f84493 wp-block-columns-is-layout-flex">
<div class="wp-block-column is-layout-flow wp-block-column-is-layout-flow">
<figure class="wp-block-image aligncenter size-full is-resized"><a href="https://www.oz-vaujany.com/hiver/casiers-a-skis/"><img loading="lazy" decoding="async" width="1024" height="287" src="https://oisansvacances.fr/wp-content/uploads/2025/05/sata-1.png" alt="" class="wp-image-533" style="width:417px;height:auto" srcset="https://oisansvacances.fr/wp-content/uploads/2025/05/sata-1.png 1024w, https://oisansvacances.fr/wp-content/uploads/2025/05/sata-1-300x84.png 300w, https://oisansvacances.fr/wp-content/uploads/2025/05/sata-1-18x5.png 18w" sizes="auto, (max-width: 1024px) 100vw, 1024px" /></a></figure>
</div>



<div class="wp-block-column is-layout-flow wp-block-column-is-layout-flow">
<figure class="wp-block-image aligncenter size-full is-resized"><a href="https://skipass.alpedhuez.com/hiver/club-proprietaire/"><img loading="lazy" decoding="async" width="744" height="288" src="https://oisansvacances.fr/wp-content/uploads/2025/05/alpe-dhuez.png" alt="" class="wp-image-534" style="width:367px;height:auto" srcset="https://oisansvacances.fr/wp-content/uploads/2025/05/alpe-dhuez.png 744w, https://oisansvacances.fr/wp-content/uploads/2025/05/alpe-dhuez-300x116.png 300w, https://oisansvacances.fr/wp-content/uploads/2025/05/alpe-dhuez-18x7.png 18w" sizes="auto, (max-width: 744px) 100vw, 744px" /></a></figure>
</div>
</div>
</div>
</div>



<div class="wp-block-group has-global-padding is-layout-constrained wp-block-group-is-layout-constrained">
<div class="wp-block-group is-layout-flow wp-block-group-is-layout-flow">
<div class="wp-block-columns is-layout-flex wp-container-core-columns-is-layout-28f84493 wp-block-columns-is-layout-flex">
<div class="wp-block-column is-style-shadow has-background is-layout-flow wp-block-column-is-layout-flow" style="border-style:none;border-width:0px;background-color:#f4f5f8;padding-top:30px;padding-right:30px;padding-bottom:30px;padding-left:30px">
<p>Nous recommandons <strong><span style="text-decoration: underline;">Cycle Huez</span></strong> Pour votre location de vélos, nous proposons une large gamme de vélos et pouvons organiser la livraison de vos vélos à nos gîtes afin qu'ils soient prêts à votre arrivée.</p>



<div class="wp-block-group has-global-padding is-layout-constrained wp-block-group-is-layout-constrained">
<figure class="wp-block-image size-large"><img loading="lazy" decoding="async" width="1024" height="325" src="https://oisansvacances.fr/wp-content/uploads/2025/05/cyclehuez-1-1024x325.jpeg" alt="" class="wp-image-530" srcset="https://oisansvacances.fr/wp-content/uploads/2025/05/cyclehuez-1-1024x325.jpeg 1024w, https://oisansvacances.fr/wp-content/uploads/2025/05/cyclehuez-1-300x95.jpeg 300w, https://oisansvacances.fr/wp-content/uploads/2025/05/cyclehuez-1-18x6.jpeg 18w, https://oisansvacances.fr/wp-content/uploads/2025/05/cyclehuez-1.jpeg 1500w" sizes="auto, (max-width: 1024px) 100vw, 1024px" /></figure>
</div>
</div>



<div class="wp-block-column is-style-shadow has-background is-layout-flow wp-block-column-is-layout-flow" style="border-style:none;border-width:0px;background-color:#f4f5f8;padding-top:30px;padding-right:30px;padding-bottom:30px;padding-left:30px">
<p>En partenariat avec <strong>EkoSport Oz</strong>, nous vous proposons des réductions exclusives sur du matériel de ski de haute qualité, soigneusement adapté à tous les niveaux de compétence.</p>



<p></p>



<figure class="wp-block-image size-full"><a href="https://www.ekosport-rent.com/fr/stations-ski/france/isere/alpes/oz-en-oisans-3725.html"><img loading="lazy" decoding="async" width="613" height="97" src="https://oisansvacances.fr/wp-content/uploads/2025/05/ekosport.jpg" alt="" class="wp-image-531" srcset="https://oisansvacances.fr/wp-content/uploads/2025/05/ekosport.jpg 613w, https://oisansvacances.fr/wp-content/uploads/2025/05/ekosport-300x47.jpg 300w, https://oisansvacances.fr/wp-content/uploads/2025/05/ekosport-18x3.jpg 18w" sizes="auto, (max-width: 613px) 100vw, 613px" /></a></figure>



<div class="wp-block-columns are-vertically-aligned-center is-layout-flex wp-container-core-columns-is-layout-28f84493 wp-block-columns-is-layout-flex">
<div class="wp-block-column is-vertically-aligned-center is-layout-flow wp-block-column-is-layout-flow" style="flex-basis:100px"></div>



<div class="wp-block-column is-vertically-aligned-center is-layout-flow wp-block-column-is-layout-flow">
<p class="has-foreground-color has-text-color"></p>
</div>
</div>
</div>
</div>
</div>
</div>



<div class="wp-block-buttons alignfull is-content-justification-center is-layout-flex wp-container-core-buttons-is-layout-a89b3969 wp-block-buttons-is-layout-flex">
<div class="wp-block-button"><a class="wp-block-button__link wp-element-button" href="mailto:info@oisansvacances.fr">Contactez-nous pour plus d'informations et codes de réduction ici.</a></div>
</div>



<div style="height:100px" aria-hidden="true" class="wp-block-spacer"></div>
