{"id":40,"date":"2024-06-10T13:03:15","date_gmt":"2024-06-10T13:03:15","guid":{"rendered":"https:\/\/oisansvacances.fr\/?page_id=40"},"modified":"2026-04-25T12:53:13","modified_gmt":"2026-04-25T12:53:13","slug":"chalets-in-alpe-dhuez-domaine-group-accommodation-oisans","status":"publish","type":"page","link":"https:\/\/oisansvacances.fr\/fr\/chalets-in-alpe-dhuez-domaine-group-accommodation-oisans\/","title":{"rendered":"Chalets dans le Domaine de l'Alpe d'Huez | H\u00e9bergements de groupe Oisans"},"content":{"rendered":"<div class=\"wp-block-group alignfull has-background has-global-padding is-layout-constrained wp-block-group-is-layout-constrained\" style=\"background-color:#e5e9ec;padding-top:var(--wp--preset--spacing--small);padding-bottom:var(--wp--preset--spacing--small)\">\n<div class=\"wp-block-columns is-layout-flex wp-container-core-columns-is-layout-7db7aa3e wp-block-columns-is-layout-flex\" style=\"padding-right:0;padding-left:0\">\n<div class=\"wp-block-column is-vertically-aligned-center is-layout-flow wp-block-column-is-layout-flow\">\n<h2 class=\"wp-block-heading has-medium-font-size\" style=\"text-transform:uppercase\">Des Endroits Parfaits<\/h2>\n\n\n\n<p>Chez Oisans Vacances, nous avons le plaisir de cr\u00e9er des lieux parfaits pour vos vacances. Quelle que soit votre passion, que ce soit par l\u2019activit\u00e9 ou la d\u00e9tente, et que vous passiez des vacances en famille ou entre amis, nous sommes fiers de cr\u00e9er des locations de vacances qui vont au-del\u00e0 de vos attentes.<\/p>\n\n\n\n<p>Vous verrez que nous avons con\u00e7u ces espaces pour vous donner acc\u00e8s \u00e0 tout ce dont vous aurez besoin. Qu\u2019il s\u2019agisse d\u2019\u00e9quipements sportifs, de rangements s\u00e9curis\u00e9s, d\u2019installations de jeux pour enfants int\u00e9rieures et ext\u00e9rieures et bien d\u2019autres. Nous y avons pens\u00e9 pour vous.<\/p>\n<\/div>\n\n\n\n<div class=\"wp-block-column is-layout-flow wp-block-column-is-layout-flow\">\n<figure class=\"wp-block-image size-full\"><img decoding=\"async\" src=\"https:\/\/oisansvacances.fr\/wp-content\/uploads\/2024\/09\/house-and-garden.jpg\" alt=\"\" class=\"wp-image-268\"\/><\/figure>\n\n\n\n<div class=\"wp-block-buttons is-layout-flex wp-block-buttons-is-layout-flex\">\n<div class=\"wp-block-button\"><a class=\"wp-block-button__link wp-element-button\" href=\"https:\/\/booking.smoobu.com\/9A965556\">V\u00e9rifier les disponibilit\u00e9s et r\u00e9server maintenant<\/a><\/div>\n<\/div>\n<\/div>\n<\/div>\n<\/div>\n\n\n\n<div class=\"wp-block-buttons is-content-justification-center is-layout-flex wp-container-core-buttons-is-layout-a89b3969 wp-block-buttons-is-layout-flex\">\n<div class=\"wp-block-button\"><a class=\"wp-block-button__link has-text-align-center wp-element-button\" href=\"https:\/\/maps.app.goo.gl\/Mz6Asi7Hb8UT1u1a6\">Explore our Reviews<\/a><\/div>\n<\/div>\n\n\n\n<div class=\"wp-block-columns is-layout-flex wp-container-core-columns-is-layout-28f84493 wp-block-columns-is-layout-flex\">\n<div class=\"wp-block-column is-layout-flow wp-block-column-is-layout-flow\">\n<div class=\"wp-block-columns is-layout-flex wp-container-core-columns-is-layout-28f84493 wp-block-columns-is-layout-flex\">\n<div class=\"wp-block-column is-layout-flow wp-block-column-is-layout-flow\">\n<p class=\"has-text-align-center\"><strong>5* We highly recommend<\/strong> this spacious, newly established G\u00eete which has just been lovingly renovated. The owners went above and beyond to make sure we and our kids had everything we needed and to make it feel like a home away from home<\/p>\n\n\n\n<p class=\"has-text-align-center\"><strong>Vermarine Stay 2024: Sarah, nick and Family &#8211; UK<\/strong><\/p>\n<\/div>\n\n\n\n<div class=\"wp-block-column is-layout-flow wp-block-column-is-layout-flow\">\n<p class=\"has-text-align-center\"><strong>5* We loved our stay<\/strong> with Oisans Vacances. Gite Vermarine is really big and well equipped. They had arranged complimentary ski lockers for us, discounts with local ski hire and the place was idea for children also with a play room, Xbox and games. Highly recommended!<\/p>\n\n\n\n<p class=\"has-text-align-center\"><strong>Vermarine December 2024: Marilyn and Family &#8211; USA<\/strong><\/p>\n<\/div>\n\n\n\n<div class=\"wp-block-column is-layout-flow wp-block-column-is-layout-flow\">\n<p><strong>5* Unbelievable<\/strong>. I could not fault the stay, beautiful cabin, and the service, owners couldn\u2019t do enough for us. Nothing was too much! I would 100% coming back, and a-lot of my family will too.<\/p>\n\n\n\n<p><strong>Rose Quartz February 2025: Victoria and Family &#8211; UK<\/strong><\/p>\n<\/div>\n<\/div>\n<\/div>\n<\/div>\n\n\n\n<div class=\"wp-block-columns is-layout-flex wp-container-core-columns-is-layout-28f84493 wp-block-columns-is-layout-flex\">\n<div class=\"wp-block-column is-layout-flow wp-block-column-is-layout-flow\">\n<figure class=\"wp-block-image size-large\"><img loading=\"lazy\" decoding=\"async\" width=\"1024\" height=\"683\" src=\"https:\/\/oisansvacances.fr\/wp-content\/uploads\/2025\/06\/L24636-1024x683.jpg\" alt=\"\" class=\"wp-image-688\" srcset=\"https:\/\/oisansvacances.fr\/wp-content\/uploads\/2025\/06\/L24636-1024x683.jpg 1024w, https:\/\/oisansvacances.fr\/wp-content\/uploads\/2025\/06\/L24636-300x200.jpg 300w, https:\/\/oisansvacances.fr\/wp-content\/uploads\/2025\/06\/L24636-18x12.jpg 18w, https:\/\/oisansvacances.fr\/wp-content\/uploads\/2025\/06\/L24636.jpg 1500w\" sizes=\"auto, (max-width: 1024px) 100vw, 1024px\" \/><\/figure>\n\n\n\n<h2 class=\"wp-block-heading\">Rose Quartz<\/h2>\n\n\n\n<p>Rose Quartz is a charming and fully equipped g\u00eete sleeping up to 8. At 100m2 and set on one spacious floor, it has three bedrooms and the opportunity to adapt the room configuration of two bedrooms so it is perfect for families or groups sharing.<\/p>\n\n\n\n<div class=\"wp-block-buttons is-layout-flex wp-block-buttons-is-layout-flex\">\n<div class=\"wp-block-button\"><a class=\"wp-block-button__link wp-element-button\" href=\"https:\/\/oisansvacances.fr\/fr\/properties\/rose\/\">En savoir plus<\/a><\/div>\n<\/div>\n<\/div>\n\n\n\n<div class=\"wp-block-column is-layout-flow wp-block-column-is-layout-flow\">\n<figure class=\"wp-block-image size-large\"><img loading=\"lazy\" decoding=\"async\" width=\"1024\" height=\"683\" src=\"https:\/\/oisansvacances.fr\/wp-content\/uploads\/2025\/06\/L24597-1024x683.jpg\" alt=\"\" class=\"wp-image-687\" srcset=\"https:\/\/oisansvacances.fr\/wp-content\/uploads\/2025\/06\/L24597-1024x683.jpg 1024w, https:\/\/oisansvacances.fr\/wp-content\/uploads\/2025\/06\/L24597-300x200.jpg 300w, https:\/\/oisansvacances.fr\/wp-content\/uploads\/2025\/06\/L24597-18x12.jpg 18w, https:\/\/oisansvacances.fr\/wp-content\/uploads\/2025\/06\/L24597.jpg 1500w\" sizes=\"auto, (max-width: 1024px) 100vw, 1024px\" \/><\/figure>\n\n\n\n<h2 class=\"wp-block-heading\">Vermarine<\/h2>\n\n\n\n<p>Vermarine gives all the space and facilities your group needs to create the perfect family or activity holiday.Sleeping up to 10 with rooms that are configurable as you need them. It hosts a games room and secure indoor storage \/ workshop so all your needs are met.<\/p>\n\n\n\n<div class=\"wp-block-buttons is-layout-flex wp-block-buttons-is-layout-flex\">\n<div class=\"wp-block-button\"><a class=\"wp-block-button__link wp-element-button\" href=\"https:\/\/oisansvacances.fr\/fr\/properties\/vermarine\/\">En savoir plus<\/a><\/div>\n<\/div>\n<\/div>\n\n\n\n<div class=\"wp-block-column is-layout-flow wp-block-column-is-layout-flow\">\n<figure class=\"wp-block-image size-full\"><img loading=\"lazy\" decoding=\"async\" width=\"2560\" height=\"1440\" src=\"http:\/\/oisansvacances.fr\/wp-content\/uploads\/2026\/04\/outdoor-scaled.jpg\" alt=\"\" class=\"wp-image-773\" srcset=\"https:\/\/oisansvacances.fr\/wp-content\/uploads\/2026\/04\/outdoor-scaled.jpg 2560w, https:\/\/oisansvacances.fr\/wp-content\/uploads\/2026\/04\/outdoor-300x169.jpg 300w, https:\/\/oisansvacances.fr\/wp-content\/uploads\/2026\/04\/outdoor-1024x576.jpg 1024w, https:\/\/oisansvacances.fr\/wp-content\/uploads\/2026\/04\/outdoor-2000x1125.jpg 2000w, https:\/\/oisansvacances.fr\/wp-content\/uploads\/2026\/04\/outdoor-scaled-18x10.jpg 18w\" sizes=\"auto, (max-width: 2560px) 100vw, 2560px\" \/><\/figure>\n\n\n\n<h2 class=\"wp-block-heading\">Jasper<\/h2>\n\n\n\n<p>Jasper propose un g\u00eete r\u00e9cemment r\u00e9nov\u00e9 et parfaitement am\u00e9nag\u00e9 pouvant accueillir jusqu'\u00e0 7 personnes. Avec son salon ouvert sur la salle \u00e0 manger et la cuisine, il est id\u00e9al pour des vacances conviviales et dispose de trois chambres. Il est parfait pour les familles ou les groupes.<\/p>\n\n\n\n<div class=\"wp-block-buttons is-layout-flex wp-block-buttons-is-layout-flex\">\n<div class=\"wp-block-button\"><a class=\"wp-block-button__link wp-element-button\" href=\"https:\/\/oisansvacances.fr\/fr\/properties\/jasper\/\">En savoir plus<\/a><\/div>\n<\/div>\n<\/div>\n<\/div>\n\n\n\n<div style=\"height:29px\" aria-hidden=\"true\" class=\"wp-block-spacer\"><\/div>\n\n\n\n<div id=\"team\" class=\"wp-block-group has-global-padding is-layout-constrained wp-block-group-is-layout-constrained\">\n<div class=\"wp-block-group has-global-padding is-layout-constrained wp-block-group-is-layout-constrained\">\n<div class=\"wp-block-columns are-vertically-aligned-center is-layout-flex wp-container-core-columns-is-layout-28f84493 wp-block-columns-is-layout-flex\">\n<div class=\"wp-block-column is-vertically-aligned-center is-layout-flow wp-block-column-is-layout-flow\">\n<h2 class=\"wp-block-heading has-large-font-size\" style=\"font-weight:700\">O\u00f9 sommes-nous?<\/h2>\n\n\n\n<p style=\"font-size:clamp(0.875em, 0.875rem + ((1vw - 0.2em) * 0.319), 1.1em);\">560 Route de Savoie<\/p>\n\n\n\n<p>38114, Allemond, Isere, France<\/p>\n\n\n\n<p style=\"font-size:clamp(0.875em, 0.875rem + ((1vw - 0.2em) * 0.319), 1.1em);\">Phone: +33.(07).54.29.01.62<br>Email: <a href=\"mailto:example@example.com\">info@oisansvacances.fr<\/a><\/p>\n<\/div>\n\n\n\n<div class=\"wp-block-column is-vertically-aligned-center is-layout-flow wp-block-column-is-layout-flow\">\n<div style=\"height:68px\" aria-hidden=\"true\" class=\"wp-block-spacer\"><\/div>\n\n\n\n<iframe src=\"https:\/\/www.google.com\/maps\/embed?pb=!1m18!1m12!1m3!1d2815.0948455868443!2d6.025359111252709!3d45.124413770949715!2m3!1f0!2f0!3f0!3m2!1i1024!2i768!4f13.1!3m3!1m2!1s0x478a69ec61307753%3A0x453f99f278f0f58c!2s560%20Rte%20de%20Savoie%2C%2038114%20Allemont!5e0!3m2!1sen!2sfr!4v1718100469782!5m2!1sen!2sfr\" width=\"600\" height=\"450\" style=\"border:0;\" allowfullscreen=\"\" loading=\"lazy\" referrerpolicy=\"no-referrer-when-downgrade\"><\/iframe>\n<\/div>\n<\/div>\n<\/div>\n<\/div>","protected":false},"excerpt":{"rendered":"<p>Perfect Places At Oisans Vacances it\u2019s our pleasure to create perfect places for your holidays. Whatever your passion whether it by activity or relaxing, and whether you\u2019re holidaying with family or friends we pride ourselves on making holiday rentals that go above and beyond your expectations. You will see we\u2019ve designed these spaces to give &hellip; <\/p>\n<p class=\"link-more\"><a href=\"https:\/\/oisansvacances.fr\/fr\/chalets-in-alpe-dhuez-domaine-group-accommodation-oisans\/\" class=\"more-link\">Lire la suite de<span class=\"screen-reader-text\">\u00ab\u00a0Chalets in Alpe d\u2019Huez Domaine | Group Accommodation Oisans\u00a0\u00bb<\/span><\/a><\/p>","protected":false},"author":1,"featured_media":0,"parent":0,"menu_order":0,"comment_status":"closed","ping_status":"closed","template":"","meta":{"inspiro_hide_title":false,"footnotes":""},"class_list":["post-40","page","type-page","status-publish","hentry"],"_links":{"self":[{"href":"https:\/\/oisansvacances.fr\/fr\/wp-json\/wp\/v2\/pages\/40","targetHints":{"allow":["GET"]}}],"collection":[{"href":"https:\/\/oisansvacances.fr\/fr\/wp-json\/wp\/v2\/pages"}],"about":[{"href":"https:\/\/oisansvacances.fr\/fr\/wp-json\/wp\/v2\/types\/page"}],"author":[{"embeddable":true,"href":"https:\/\/oisansvacances.fr\/fr\/wp-json\/wp\/v2\/users\/1"}],"replies":[{"embeddable":true,"href":"https:\/\/oisansvacances.fr\/fr\/wp-json\/wp\/v2\/comments?post=40"}],"version-history":[{"count":24,"href":"https:\/\/oisansvacances.fr\/fr\/wp-json\/wp\/v2\/pages\/40\/revisions"}],"predecessor-version":[{"id":775,"href":"https:\/\/oisansvacances.fr\/fr\/wp-json\/wp\/v2\/pages\/40\/revisions\/775"}],"wp:attachment":[{"href":"https:\/\/oisansvacances.fr\/fr\/wp-json\/wp\/v2\/media?parent=40"}],"curies":[{"name":"wp","href":"https:\/\/api.w.org\/{rel}","templated":true}]}}

Chalets dans le Domaine de l'Alpe d'Huez | Hébergements de groupe Oisans

<div class="wp-block-group alignfull has-background has-global-padding is-layout-constrained wp-block-group-is-layout-constrained" style="background-color:#e5e9ec;padding-top:var(--wp--preset--spacing--small);padding-bottom:var(--wp--preset--spacing--small)">
<div class="wp-block-columns is-layout-flex wp-container-core-columns-is-layout-7db7aa3e wp-block-columns-is-layout-flex" style="padding-right:0;padding-left:0">
<div class="wp-block-column is-vertically-aligned-center is-layout-flow wp-block-column-is-layout-flow">
<h2 class="wp-block-heading has-medium-font-size" style="text-transform:uppercase">Des Endroits Parfaits</h2>



<p>Chez Oisans Vacances, nous avons le plaisir de créer des lieux parfaits pour vos vacances. Quelle que soit votre passion, que ce soit par l’activité ou la détente, et que vous passiez des vacances en famille ou entre amis, nous sommes fiers de créer des locations de vacances qui vont au-delà de vos attentes.</p>



<p>Vous verrez que nous avons conçu ces espaces pour vous donner accès à tout ce dont vous aurez besoin. Qu’il s’agisse d’équipements sportifs, de rangements sécurisés, d’installations de jeux pour enfants intérieures et extérieures et bien d’autres. Nous y avons pensé pour vous.</p>
</div>



<div class="wp-block-column is-layout-flow wp-block-column-is-layout-flow">
<figure class="wp-block-image size-full"><img decoding="async" src="https://oisansvacances.fr/wp-content/uploads/2024/09/house-and-garden.jpg" alt="" class="wp-image-268"/></figure>



<div class="wp-block-buttons is-layout-flex wp-block-buttons-is-layout-flex">
<div class="wp-block-button"><a class="wp-block-button__link wp-element-button" href="https://booking.smoobu.com/9A965556">Vérifier les disponibilités et réserver maintenant</a></div>
</div>
</div>
</div>
</div>



<div class="wp-block-buttons is-content-justification-center is-layout-flex wp-container-core-buttons-is-layout-a89b3969 wp-block-buttons-is-layout-flex">
<div class="wp-block-button"><a class="wp-block-button__link has-text-align-center wp-element-button" href="https://maps.app.goo.gl/Mz6Asi7Hb8UT1u1a6">Explore our Reviews</a></div>
</div>



<div class="wp-block-columns is-layout-flex wp-container-core-columns-is-layout-28f84493 wp-block-columns-is-layout-flex">
<div class="wp-block-column is-layout-flow wp-block-column-is-layout-flow">
<div class="wp-block-columns is-layout-flex wp-container-core-columns-is-layout-28f84493 wp-block-columns-is-layout-flex">
<div class="wp-block-column is-layout-flow wp-block-column-is-layout-flow">
<p class="has-text-align-center"><strong>5* We highly recommend</strong> this spacious, newly established Gîte which has just been lovingly renovated. The owners went above and beyond to make sure we and our kids had everything we needed and to make it feel like a home away from home</p>



<p class="has-text-align-center"><strong>Vermarine Stay 2024: Sarah, nick and Family &#8211; UK</strong></p>
</div>



<div class="wp-block-column is-layout-flow wp-block-column-is-layout-flow">
<p class="has-text-align-center"><strong>5* We loved our stay</strong> with Oisans Vacances. Gite Vermarine is really big and well equipped. They had arranged complimentary ski lockers for us, discounts with local ski hire and the place was idea for children also with a play room, Xbox and games. Highly recommended!</p>



<p class="has-text-align-center"><strong>Vermarine December 2024: Marilyn and Family &#8211; USA</strong></p>
</div>



<div class="wp-block-column is-layout-flow wp-block-column-is-layout-flow">
<p><strong>5* Unbelievable</strong>. I could not fault the stay, beautiful cabin, and the service, owners couldn’t do enough for us. Nothing was too much! I would 100% coming back, and a-lot of my family will too.</p>



<p><strong>Rose Quartz February 2025: Victoria and Family &#8211; UK</strong></p>
</div>
</div>
</div>
</div>



<div class="wp-block-columns is-layout-flex wp-container-core-columns-is-layout-28f84493 wp-block-columns-is-layout-flex">
<div class="wp-block-column is-layout-flow wp-block-column-is-layout-flow">
<figure class="wp-block-image size-large"><img loading="lazy" decoding="async" width="1024" height="683" src="https://oisansvacances.fr/wp-content/uploads/2025/06/L24636-1024x683.jpg" alt="" class="wp-image-688" srcset="https://oisansvacances.fr/wp-content/uploads/2025/06/L24636-1024x683.jpg 1024w, https://oisansvacances.fr/wp-content/uploads/2025/06/L24636-300x200.jpg 300w, https://oisansvacances.fr/wp-content/uploads/2025/06/L24636-18x12.jpg 18w, https://oisansvacances.fr/wp-content/uploads/2025/06/L24636.jpg 1500w" sizes="auto, (max-width: 1024px) 100vw, 1024px" /></figure>



<h2 class="wp-block-heading">Rose Quartz</h2>



<p>Rose Quartz is a charming and fully equipped gîte sleeping up to 8. At 100m2 and set on one spacious floor, it has three bedrooms and the opportunity to adapt the room configuration of two bedrooms so it is perfect for families or groups sharing.</p>



<div class="wp-block-buttons is-layout-flex wp-block-buttons-is-layout-flex">
<div class="wp-block-button"><a class="wp-block-button__link wp-element-button" href="https://oisansvacances.fr/fr/properties/rose/">En savoir plus</a></div>
</div>
</div>



<div class="wp-block-column is-layout-flow wp-block-column-is-layout-flow">
<figure class="wp-block-image size-large"><img loading="lazy" decoding="async" width="1024" height="683" src="https://oisansvacances.fr/wp-content/uploads/2025/06/L24597-1024x683.jpg" alt="" class="wp-image-687" srcset="https://oisansvacances.fr/wp-content/uploads/2025/06/L24597-1024x683.jpg 1024w, https://oisansvacances.fr/wp-content/uploads/2025/06/L24597-300x200.jpg 300w, https://oisansvacances.fr/wp-content/uploads/2025/06/L24597-18x12.jpg 18w, https://oisansvacances.fr/wp-content/uploads/2025/06/L24597.jpg 1500w" sizes="auto, (max-width: 1024px) 100vw, 1024px" /></figure>



<h2 class="wp-block-heading">Vermarine</h2>



<p>Vermarine gives all the space and facilities your group needs to create the perfect family or activity holiday.Sleeping up to 10 with rooms that are configurable as you need them. It hosts a games room and secure indoor storage / workshop so all your needs are met.</p>



<div class="wp-block-buttons is-layout-flex wp-block-buttons-is-layout-flex">
<div class="wp-block-button"><a class="wp-block-button__link wp-element-button" href="https://oisansvacances.fr/fr/properties/vermarine/">En savoir plus</a></div>
</div>
</div>



<div class="wp-block-column is-layout-flow wp-block-column-is-layout-flow">
<figure class="wp-block-image size-full"><img loading="lazy" decoding="async" width="2560" height="1440" src="http://oisansvacances.fr/wp-content/uploads/2026/04/outdoor-scaled.jpg" alt="" class="wp-image-773" srcset="https://oisansvacances.fr/wp-content/uploads/2026/04/outdoor-scaled.jpg 2560w, https://oisansvacances.fr/wp-content/uploads/2026/04/outdoor-300x169.jpg 300w, https://oisansvacances.fr/wp-content/uploads/2026/04/outdoor-1024x576.jpg 1024w, https://oisansvacances.fr/wp-content/uploads/2026/04/outdoor-2000x1125.jpg 2000w, https://oisansvacances.fr/wp-content/uploads/2026/04/outdoor-scaled-18x10.jpg 18w" sizes="auto, (max-width: 2560px) 100vw, 2560px" /></figure>



<h2 class="wp-block-heading">Jasper</h2>



<p>Jasper propose un gîte récemment rénové et parfaitement aménagé pouvant accueillir jusqu'à 7 personnes. Avec son salon ouvert sur la salle à manger et la cuisine, il est idéal pour des vacances conviviales et dispose de trois chambres. Il est parfait pour les familles ou les groupes.</p>



<div class="wp-block-buttons is-layout-flex wp-block-buttons-is-layout-flex">
<div class="wp-block-button"><a class="wp-block-button__link wp-element-button" href="https://oisansvacances.fr/fr/properties/jasper/">En savoir plus</a></div>
</div>
</div>
</div>



<div style="height:29px" aria-hidden="true" class="wp-block-spacer"></div>



<div id="team" class="wp-block-group has-global-padding is-layout-constrained wp-block-group-is-layout-constrained">
<div class="wp-block-group has-global-padding is-layout-constrained wp-block-group-is-layout-constrained">
<div class="wp-block-columns are-vertically-aligned-center is-layout-flex wp-container-core-columns-is-layout-28f84493 wp-block-columns-is-layout-flex">
<div class="wp-block-column is-vertically-aligned-center is-layout-flow wp-block-column-is-layout-flow">
<h2 class="wp-block-heading has-large-font-size" style="font-weight:700">Où sommes-nous?</h2>



<p style="font-size:clamp(0.875em, 0.875rem + ((1vw - 0.2em) * 0.319), 1.1em);">560 Route de Savoie</p>



<p>38114, Allemond, Isere, France</p>



<p style="font-size:clamp(0.875em, 0.875rem + ((1vw - 0.2em) * 0.319), 1.1em);">Phone: +33.(07).54.29.01.62<br>Email: <a href="mailto:example@example.com">info@oisansvacances.fr</a></p>
</div>



<div class="wp-block-column is-vertically-aligned-center is-layout-flow wp-block-column-is-layout-flow">
<div style="height:68px" aria-hidden="true" class="wp-block-spacer"></div>



<iframe src="https://www.google.com/maps/embed?pb=!1m18!1m12!1m3!1d2815.0948455868443!2d6.025359111252709!3d45.124413770949715!2m3!1f0!2f0!3f0!3m2!1i1024!2i768!4f13.1!3m3!1m2!1s0x478a69ec61307753%3A0x453f99f278f0f58c!2s560%20Rte%20de%20Savoie%2C%2038114%20Allemont!5e0!3m2!1sen!2sfr!4v1718100469782!5m2!1sen!2sfr" width="600" height="450" style="border:0;" allowfullscreen="" loading="lazy" referrerpolicy="no-referrer-when-downgrade"></iframe>
</div>
</div>
</div>
</div>
