{"id":528,"date":"2025-05-27T09:46:52","date_gmt":"2025-05-27T09:46:52","guid":{"rendered":"https:\/\/oisansvacances.fr\/?page_id=528"},"modified":"2025-11-18T16:52:27","modified_gmt":"2025-11-18T16:52:27","slug":"discounts-and-benefits","status":"publish","type":"page","link":"https:\/\/oisansvacances.fr\/es\/discounts-and-benefits\/","title":{"rendered":"R\u00e9ductions et avantages"},"content":{"rendered":"<div class=\"wp-block-cover alignfull has-parallax\" style=\"min-height:100vh;aspect-ratio:unset;\"><div class=\"wp-block-cover__image-background wp-image-745 size-large has-parallax\" style=\"background-position:50% 50%;background-image:url(https:\/\/oisansvacances.fr\/wp-content\/uploads\/2025\/11\/noura-lac-lauvital-1024x768.jpg)\"><\/div><span aria-hidden=\"true\" class=\"wp-block-cover__background has-background-dim\" style=\"background-color:#5a6b7e\"><\/span><div class=\"wp-block-cover__inner-container is-layout-flow wp-block-cover-is-layout-flow\">\n<p class=\"has-text-align-center has-white-color has-text-color\" style=\"font-size:clamp(37.821px, 2.364rem + ((1vw - 3.2px) * 2.848), 70px);font-style:normal;font-weight:900\"><strong>M\u00e1s barato. M\u00e1s f\u00e1cil.<\/strong><\/p>\n\n\n\n<p class=\"has-text-align-center has-white-color has-text-color has-medium-font-size\" style=\"letter-spacing:1px\">Nuestros descuentos y beneficios le ayudar\u00e1n a aprovechar al m\u00e1ximo sus vacaciones.<\/p>\n<\/div><\/div>\n\n\n\n<div class=\"wp-block-columns is-layout-flex wp-container-core-columns-is-layout-28f84493 wp-block-columns-is-layout-flex\">\n<div class=\"wp-block-column is-style-shadow has-background is-layout-flow wp-block-column-is-layout-flow\" style=\"border-style:none;border-width:0px;background-color:#f4f5f8;padding-top:30px;padding-right:30px;padding-bottom:30px;padding-left:30px\">\n<p class=\"translation-block\">Simplifica tus d\u00edas de esqu\u00ed con nuestro regalo. Para las reservas de invierno, te obsequiamos con dos taquillas para esqu\u00eds al pie del telecabina Eau d'Olle para que guardes tus esqu\u00eds y botas en la instalaci\u00f3n segura de SATA. Esto, por supuesto, se suma al espacio de almacenamiento que tienes en tu casa rural.<\/p>\n\n\n\n<p>Si bien nuestra asociaci\u00f3n con Alpe d\u2019Huez le ofrece <strong>Descuentos en tiendas, bares y actividades en todo el dominio.<\/strong><\/p>\n\n\n\n<div class=\"wp-block-columns is-layout-flex wp-container-core-columns-is-layout-28f84493 wp-block-columns-is-layout-flex\">\n<div class=\"wp-block-column is-layout-flow wp-block-column-is-layout-flow\">\n<figure class=\"wp-block-image aligncenter size-full is-resized\"><a href=\"https:\/\/www.oz-vaujany.com\/hiver\/casiers-a-skis\/\"><img loading=\"lazy\" decoding=\"async\" width=\"1024\" height=\"287\" src=\"https:\/\/oisansvacances.fr\/wp-content\/uploads\/2025\/05\/sata-1.png\" alt=\"\" class=\"wp-image-533\" style=\"width:417px;height:auto\" srcset=\"https:\/\/oisansvacances.fr\/wp-content\/uploads\/2025\/05\/sata-1.png 1024w, https:\/\/oisansvacances.fr\/wp-content\/uploads\/2025\/05\/sata-1-300x84.png 300w, https:\/\/oisansvacances.fr\/wp-content\/uploads\/2025\/05\/sata-1-18x5.png 18w\" sizes=\"auto, (max-width: 1024px) 100vw, 1024px\" \/><\/a><\/figure>\n<\/div>\n\n\n\n<div class=\"wp-block-column is-layout-flow wp-block-column-is-layout-flow\">\n<figure class=\"wp-block-image aligncenter size-full is-resized\"><a href=\"https:\/\/skipass.alpedhuez.com\/hiver\/club-proprietaire\/\"><img loading=\"lazy\" decoding=\"async\" width=\"744\" height=\"288\" src=\"https:\/\/oisansvacances.fr\/wp-content\/uploads\/2025\/05\/alpe-dhuez.png\" alt=\"\" class=\"wp-image-534\" style=\"width:367px;height:auto\" srcset=\"https:\/\/oisansvacances.fr\/wp-content\/uploads\/2025\/05\/alpe-dhuez.png 744w, https:\/\/oisansvacances.fr\/wp-content\/uploads\/2025\/05\/alpe-dhuez-300x116.png 300w, https:\/\/oisansvacances.fr\/wp-content\/uploads\/2025\/05\/alpe-dhuez-18x7.png 18w\" sizes=\"auto, (max-width: 744px) 100vw, 744px\" \/><\/a><\/figure>\n<\/div>\n<\/div>\n<\/div>\n<\/div>\n\n\n\n<div class=\"wp-block-group has-global-padding is-layout-constrained wp-block-group-is-layout-constrained\">\n<div class=\"wp-block-group is-layout-flow wp-block-group-is-layout-flow\">\n<div class=\"wp-block-columns is-layout-flex wp-container-core-columns-is-layout-28f84493 wp-block-columns-is-layout-flex\">\n<div class=\"wp-block-column is-style-shadow has-background is-layout-flow wp-block-column-is-layout-flow\" style=\"border-style:none;border-width:0px;background-color:#f4f5f8;padding-top:30px;padding-right:30px;padding-bottom:30px;padding-left:30px\">\n<p>Nosotros recomendamos <strong><span style=\"text-decoration: underline;\">Cycle Huez<\/span><\/strong> Para el alquiler de bicicletas. Ofrecen una fant\u00e1stica gama de bicicletas y pueden coordinar su entrega en nuestras casas rurales para que est\u00e9n listas el d\u00eda de su llegada.<\/p>\n\n\n\n<div class=\"wp-block-group has-global-padding is-layout-constrained wp-block-group-is-layout-constrained\">\n<figure class=\"wp-block-image size-large\"><img loading=\"lazy\" decoding=\"async\" width=\"1024\" height=\"325\" src=\"https:\/\/oisansvacances.fr\/wp-content\/uploads\/2025\/05\/cyclehuez-1-1024x325.jpeg\" alt=\"\" class=\"wp-image-530\" srcset=\"https:\/\/oisansvacances.fr\/wp-content\/uploads\/2025\/05\/cyclehuez-1-1024x325.jpeg 1024w, https:\/\/oisansvacances.fr\/wp-content\/uploads\/2025\/05\/cyclehuez-1-300x95.jpeg 300w, https:\/\/oisansvacances.fr\/wp-content\/uploads\/2025\/05\/cyclehuez-1-18x6.jpeg 18w, https:\/\/oisansvacances.fr\/wp-content\/uploads\/2025\/05\/cyclehuez-1.jpeg 1500w\" sizes=\"auto, (max-width: 1024px) 100vw, 1024px\" \/><\/figure>\n<\/div>\n<\/div>\n\n\n\n<div class=\"wp-block-column is-style-shadow has-background is-layout-flow wp-block-column-is-layout-flow\" style=\"border-style:none;border-width:0px;background-color:#f4f5f8;padding-top:30px;padding-right:30px;padding-bottom:30px;padding-left:30px\">\n<p>En asociaci\u00f3n con <strong>EkoSport Oz<\/strong>Ofrecemos descuentos exclusivos en equipos de esqu\u00ed de alta calidad, cuidadosamente adaptados a todos los niveles.<\/p>\n\n\n\n<p><\/p>\n\n\n\n<figure class=\"wp-block-image size-full\"><a href=\"https:\/\/www.ekosport-rent.com\/fr\/stations-ski\/france\/isere\/alpes\/oz-en-oisans-3725.html\"><img loading=\"lazy\" decoding=\"async\" width=\"613\" height=\"97\" src=\"https:\/\/oisansvacances.fr\/wp-content\/uploads\/2025\/05\/ekosport.jpg\" alt=\"\" class=\"wp-image-531\" srcset=\"https:\/\/oisansvacances.fr\/wp-content\/uploads\/2025\/05\/ekosport.jpg 613w, https:\/\/oisansvacances.fr\/wp-content\/uploads\/2025\/05\/ekosport-300x47.jpg 300w, https:\/\/oisansvacances.fr\/wp-content\/uploads\/2025\/05\/ekosport-18x3.jpg 18w\" sizes=\"auto, (max-width: 613px) 100vw, 613px\" \/><\/a><\/figure>\n\n\n\n<div class=\"wp-block-columns are-vertically-aligned-center is-layout-flex wp-container-core-columns-is-layout-28f84493 wp-block-columns-is-layout-flex\">\n<div class=\"wp-block-column is-vertically-aligned-center is-layout-flow wp-block-column-is-layout-flow\" style=\"flex-basis:100px\"><\/div>\n\n\n\n<div class=\"wp-block-column is-vertically-aligned-center is-layout-flow wp-block-column-is-layout-flow\">\n<p class=\"has-foreground-color has-text-color\"><\/p>\n<\/div>\n<\/div>\n<\/div>\n<\/div>\n<\/div>\n<\/div>\n\n\n\n<div class=\"wp-block-buttons alignfull is-content-justification-center is-layout-flex wp-container-core-buttons-is-layout-a89b3969 wp-block-buttons-is-layout-flex\">\n<div class=\"wp-block-button\"><a class=\"wp-block-button__link wp-element-button\" href=\"mailto:info@oisansvacances.fr\">Cont\u00e1ctanos para m\u00e1s informaci\u00f3n y c\u00f3digos de descuento aqu\u00ed..<\/a><\/div>\n<\/div>\n\n\n\n<div style=\"height:100px\" aria-hidden=\"true\" class=\"wp-block-spacer\"><\/div>","protected":false},"excerpt":{"rendered":"<p>Make your ski days that but simpler using our gift to you. For winter season bookings our gift to you will be two ski lockers at the base of the Eau d&#8217;Olle Telecabin to store your skis and boots in the secure SATA facility. Of course this adds to the storage space you have at &hellip; <\/p>\n<p class=\"link-more\"><a href=\"https:\/\/oisansvacances.fr\/es\/discounts-and-benefits\/\" class=\"more-link\">Leer m\u00e1s<span class=\"screen-reader-text\"> \u00abDiscounts and Benefits\u00bb<\/span><\/a><\/p>","protected":false},"author":1,"featured_media":0,"parent":0,"menu_order":0,"comment_status":"closed","ping_status":"closed","template":"","meta":{"inspiro_hide_title":false,"footnotes":""},"class_list":["post-528","page","type-page","status-publish","hentry"],"_links":{"self":[{"href":"https:\/\/oisansvacances.fr\/es\/wp-json\/wp\/v2\/pages\/528","targetHints":{"allow":["GET"]}}],"collection":[{"href":"https:\/\/oisansvacances.fr\/es\/wp-json\/wp\/v2\/pages"}],"about":[{"href":"https:\/\/oisansvacances.fr\/es\/wp-json\/wp\/v2\/types\/page"}],"author":[{"embeddable":true,"href":"https:\/\/oisansvacances.fr\/es\/wp-json\/wp\/v2\/users\/1"}],"replies":[{"embeddable":true,"href":"https:\/\/oisansvacances.fr\/es\/wp-json\/wp\/v2\/comments?post=528"}],"version-history":[{"count":8,"href":"https:\/\/oisansvacances.fr\/es\/wp-json\/wp\/v2\/pages\/528\/revisions"}],"predecessor-version":[{"id":746,"href":"https:\/\/oisansvacances.fr\/es\/wp-json\/wp\/v2\/pages\/528\/revisions\/746"}],"wp:attachment":[{"href":"https:\/\/oisansvacances.fr\/es\/wp-json\/wp\/v2\/media?parent=528"}],"curies":[{"name":"wp","href":"https:\/\/api.w.org\/{rel}","templated":true}]}}

Réductions et avantages

<div class="wp-block-cover alignfull has-parallax" style="min-height:100vh;aspect-ratio:unset;"><div class="wp-block-cover__image-background wp-image-745 size-large has-parallax" style="background-position:50% 50%;background-image:url(https://oisansvacances.fr/wp-content/uploads/2025/11/noura-lac-lauvital-1024x768.jpg)"></div><span aria-hidden="true" class="wp-block-cover__background has-background-dim" style="background-color:#5a6b7e"></span><div class="wp-block-cover__inner-container is-layout-flow wp-block-cover-is-layout-flow">
<p class="has-text-align-center has-white-color has-text-color" style="font-size:clamp(37.821px, 2.364rem + ((1vw - 3.2px) * 2.848), 70px);font-style:normal;font-weight:900"><strong>Más barato. Más fácil.</strong></p>



<p class="has-text-align-center has-white-color has-text-color has-medium-font-size" style="letter-spacing:1px">Nuestros descuentos y beneficios le ayudarán a aprovechar al máximo sus vacaciones.</p>
</div></div>



<div class="wp-block-columns is-layout-flex wp-container-core-columns-is-layout-28f84493 wp-block-columns-is-layout-flex">
<div class="wp-block-column is-style-shadow has-background is-layout-flow wp-block-column-is-layout-flow" style="border-style:none;border-width:0px;background-color:#f4f5f8;padding-top:30px;padding-right:30px;padding-bottom:30px;padding-left:30px">
<p class="translation-block">Simplifica tus días de esquí con nuestro regalo. Para las reservas de invierno, te obsequiamos con dos taquillas para esquís al pie del telecabina Eau d'Olle para que guardes tus esquís y botas en la instalación segura de SATA. Esto, por supuesto, se suma al espacio de almacenamiento que tienes en tu casa rural.</p>



<p>Si bien nuestra asociación con Alpe d’Huez le ofrece <strong>Descuentos en tiendas, bares y actividades en todo el dominio.</strong></p>



<div class="wp-block-columns is-layout-flex wp-container-core-columns-is-layout-28f84493 wp-block-columns-is-layout-flex">
<div class="wp-block-column is-layout-flow wp-block-column-is-layout-flow">
<figure class="wp-block-image aligncenter size-full is-resized"><a href="https://www.oz-vaujany.com/hiver/casiers-a-skis/"><img loading="lazy" decoding="async" width="1024" height="287" src="https://oisansvacances.fr/wp-content/uploads/2025/05/sata-1.png" alt="" class="wp-image-533" style="width:417px;height:auto" srcset="https://oisansvacances.fr/wp-content/uploads/2025/05/sata-1.png 1024w, https://oisansvacances.fr/wp-content/uploads/2025/05/sata-1-300x84.png 300w, https://oisansvacances.fr/wp-content/uploads/2025/05/sata-1-18x5.png 18w" sizes="auto, (max-width: 1024px) 100vw, 1024px" /></a></figure>
</div>



<div class="wp-block-column is-layout-flow wp-block-column-is-layout-flow">
<figure class="wp-block-image aligncenter size-full is-resized"><a href="https://skipass.alpedhuez.com/hiver/club-proprietaire/"><img loading="lazy" decoding="async" width="744" height="288" src="https://oisansvacances.fr/wp-content/uploads/2025/05/alpe-dhuez.png" alt="" class="wp-image-534" style="width:367px;height:auto" srcset="https://oisansvacances.fr/wp-content/uploads/2025/05/alpe-dhuez.png 744w, https://oisansvacances.fr/wp-content/uploads/2025/05/alpe-dhuez-300x116.png 300w, https://oisansvacances.fr/wp-content/uploads/2025/05/alpe-dhuez-18x7.png 18w" sizes="auto, (max-width: 744px) 100vw, 744px" /></a></figure>
</div>
</div>
</div>
</div>



<div class="wp-block-group has-global-padding is-layout-constrained wp-block-group-is-layout-constrained">
<div class="wp-block-group is-layout-flow wp-block-group-is-layout-flow">
<div class="wp-block-columns is-layout-flex wp-container-core-columns-is-layout-28f84493 wp-block-columns-is-layout-flex">
<div class="wp-block-column is-style-shadow has-background is-layout-flow wp-block-column-is-layout-flow" style="border-style:none;border-width:0px;background-color:#f4f5f8;padding-top:30px;padding-right:30px;padding-bottom:30px;padding-left:30px">
<p>Nosotros recomendamos <strong><span style="text-decoration: underline;">Cycle Huez</span></strong> Para el alquiler de bicicletas. Ofrecen una fantástica gama de bicicletas y pueden coordinar su entrega en nuestras casas rurales para que estén listas el día de su llegada.</p>



<div class="wp-block-group has-global-padding is-layout-constrained wp-block-group-is-layout-constrained">
<figure class="wp-block-image size-large"><img loading="lazy" decoding="async" width="1024" height="325" src="https://oisansvacances.fr/wp-content/uploads/2025/05/cyclehuez-1-1024x325.jpeg" alt="" class="wp-image-530" srcset="https://oisansvacances.fr/wp-content/uploads/2025/05/cyclehuez-1-1024x325.jpeg 1024w, https://oisansvacances.fr/wp-content/uploads/2025/05/cyclehuez-1-300x95.jpeg 300w, https://oisansvacances.fr/wp-content/uploads/2025/05/cyclehuez-1-18x6.jpeg 18w, https://oisansvacances.fr/wp-content/uploads/2025/05/cyclehuez-1.jpeg 1500w" sizes="auto, (max-width: 1024px) 100vw, 1024px" /></figure>
</div>
</div>



<div class="wp-block-column is-style-shadow has-background is-layout-flow wp-block-column-is-layout-flow" style="border-style:none;border-width:0px;background-color:#f4f5f8;padding-top:30px;padding-right:30px;padding-bottom:30px;padding-left:30px">
<p>En asociación con <strong>EkoSport Oz</strong>Ofrecemos descuentos exclusivos en equipos de esquí de alta calidad, cuidadosamente adaptados a todos los niveles.</p>



<p></p>



<figure class="wp-block-image size-full"><a href="https://www.ekosport-rent.com/fr/stations-ski/france/isere/alpes/oz-en-oisans-3725.html"><img loading="lazy" decoding="async" width="613" height="97" src="https://oisansvacances.fr/wp-content/uploads/2025/05/ekosport.jpg" alt="" class="wp-image-531" srcset="https://oisansvacances.fr/wp-content/uploads/2025/05/ekosport.jpg 613w, https://oisansvacances.fr/wp-content/uploads/2025/05/ekosport-300x47.jpg 300w, https://oisansvacances.fr/wp-content/uploads/2025/05/ekosport-18x3.jpg 18w" sizes="auto, (max-width: 613px) 100vw, 613px" /></a></figure>



<div class="wp-block-columns are-vertically-aligned-center is-layout-flex wp-container-core-columns-is-layout-28f84493 wp-block-columns-is-layout-flex">
<div class="wp-block-column is-vertically-aligned-center is-layout-flow wp-block-column-is-layout-flow" style="flex-basis:100px"></div>



<div class="wp-block-column is-vertically-aligned-center is-layout-flow wp-block-column-is-layout-flow">
<p class="has-foreground-color has-text-color"></p>
</div>
</div>
</div>
</div>
</div>
</div>



<div class="wp-block-buttons alignfull is-content-justification-center is-layout-flex wp-container-core-buttons-is-layout-a89b3969 wp-block-buttons-is-layout-flex">
<div class="wp-block-button"><a class="wp-block-button__link wp-element-button" href="mailto:info@oisansvacances.fr">Contáctanos para más información y códigos de descuento aquí..</a></div>
</div>



<div style="height:100px" aria-hidden="true" class="wp-block-spacer"></div>

<p>Make your ski days that but simpler using our gift to you. For winter season bookings our gift to you will be two ski lockers at the base of the Eau d&#8217;Olle Telecabin to store your skis and boots in the secure SATA facility. Of course this adds to the storage space you have at &hellip; </p>
<p class="link-more"><a href="https://oisansvacances.fr/es/discounts-and-benefits/" class="more-link">Leer más<span class="screen-reader-text"> «Discounts and Benefits»</span></a></p>
