{"id":528,"date":"2025-05-27T09:46:52","date_gmt":"2025-05-27T09:46:52","guid":{"rendered":"https:\/\/oisansvacances.fr\/?page_id=528"},"modified":"2025-11-18T16:52:27","modified_gmt":"2025-11-18T16:52:27","slug":"discounts-and-benefits","status":"publish","type":"page","link":"https:\/\/oisansvacances.fr\/de\/discounts-and-benefits\/","title":{"rendered":"Rabatte und Vorteile"},"content":{"rendered":"<div class=\"wp-block-cover alignfull has-parallax\" style=\"min-height:100vh;aspect-ratio:unset;\"><div class=\"wp-block-cover__image-background wp-image-745 size-large has-parallax\" style=\"background-position:50% 50%;background-image:url(https:\/\/oisansvacances.fr\/wp-content\/uploads\/2025\/11\/noura-lac-lauvital-1024x768.jpg)\"><\/div><span aria-hidden=\"true\" class=\"wp-block-cover__background has-background-dim\" style=\"background-color:#5a6b7e\"><\/span><div class=\"wp-block-cover__inner-container is-layout-flow wp-block-cover-is-layout-flow\">\n<p class=\"has-text-align-center has-white-color has-text-color\" style=\"font-size:clamp(37.821px, 2.364rem + ((1vw - 3.2px) * 2.848), 70px);font-style:normal;font-weight:900\"><strong>G\u00fcnstiger. Einfacher.<\/strong><\/p>\n\n\n\n<p class=\"has-text-align-center has-white-color has-text-color has-medium-font-size\" style=\"letter-spacing:1px\">Unsere Rabatte und Vorteile helfen Ihnen, das Beste aus Ihrem Urlaub herauszuholen.<\/p>\n<\/div><\/div>\n\n\n\n<div class=\"wp-block-columns is-layout-flex wp-container-core-columns-is-layout-28f84493 wp-block-columns-is-layout-flex\">\n<div class=\"wp-block-column is-style-shadow has-background is-layout-flow wp-block-column-is-layout-flow\" style=\"border-style:none;border-width:0px;background-color:#f4f5f8;padding-top:30px;padding-right:30px;padding-bottom:30px;padding-left:30px\">\n<p class=\"translation-block\">Machen Sie Ihre Skitage noch einfacher mit unserem Geschenk. F\u00fcr Buchungen in der Wintersaison erhalten Sie zwei Skischr\u00e4nke am Fu\u00dfe der Eau d\u2019Olle-Seilbahn, in denen Sie Ihre Skier und Schuhe sicher im SATA-System aufbewahren k\u00f6nnen. Dies erweitert nat\u00fcrlich den Stauraum in Ihrer Unterkunft.<\/p>\n\n\n\n<p>W\u00e4hrend unsere Partnerschaft mit Alpe d\u2019Huez Ihnen <strong>Rabatte in Gesch\u00e4ften, Bars und bei Aktivit\u00e4ten auf der gesamten Dom\u00e4ne<\/strong><\/p>\n\n\n\n<div class=\"wp-block-columns is-layout-flex wp-container-core-columns-is-layout-28f84493 wp-block-columns-is-layout-flex\">\n<div class=\"wp-block-column is-layout-flow wp-block-column-is-layout-flow\">\n<figure class=\"wp-block-image aligncenter size-full is-resized\"><a href=\"https:\/\/www.oz-vaujany.com\/hiver\/casiers-a-skis\/\"><img loading=\"lazy\" decoding=\"async\" width=\"1024\" height=\"287\" src=\"https:\/\/oisansvacances.fr\/wp-content\/uploads\/2025\/05\/sata-1.png\" alt=\"\" class=\"wp-image-533\" style=\"width:417px;height:auto\" srcset=\"https:\/\/oisansvacances.fr\/wp-content\/uploads\/2025\/05\/sata-1.png 1024w, https:\/\/oisansvacances.fr\/wp-content\/uploads\/2025\/05\/sata-1-300x84.png 300w, https:\/\/oisansvacances.fr\/wp-content\/uploads\/2025\/05\/sata-1-18x5.png 18w\" sizes=\"auto, (max-width: 1024px) 100vw, 1024px\" \/><\/a><\/figure>\n<\/div>\n\n\n\n<div class=\"wp-block-column is-layout-flow wp-block-column-is-layout-flow\">\n<figure class=\"wp-block-image aligncenter size-full is-resized\"><a href=\"https:\/\/skipass.alpedhuez.com\/hiver\/club-proprietaire\/\"><img loading=\"lazy\" decoding=\"async\" width=\"744\" height=\"288\" src=\"https:\/\/oisansvacances.fr\/wp-content\/uploads\/2025\/05\/alpe-dhuez.png\" alt=\"\" class=\"wp-image-534\" style=\"width:367px;height:auto\" srcset=\"https:\/\/oisansvacances.fr\/wp-content\/uploads\/2025\/05\/alpe-dhuez.png 744w, https:\/\/oisansvacances.fr\/wp-content\/uploads\/2025\/05\/alpe-dhuez-300x116.png 300w, https:\/\/oisansvacances.fr\/wp-content\/uploads\/2025\/05\/alpe-dhuez-18x7.png 18w\" sizes=\"auto, (max-width: 744px) 100vw, 744px\" \/><\/a><\/figure>\n<\/div>\n<\/div>\n<\/div>\n<\/div>\n\n\n\n<div class=\"wp-block-group has-global-padding is-layout-constrained wp-block-group-is-layout-constrained\">\n<div class=\"wp-block-group is-layout-flow wp-block-group-is-layout-flow\">\n<div class=\"wp-block-columns is-layout-flex wp-container-core-columns-is-layout-28f84493 wp-block-columns-is-layout-flex\">\n<div class=\"wp-block-column is-style-shadow has-background is-layout-flow wp-block-column-is-layout-flow\" style=\"border-style:none;border-width:0px;background-color:#f4f5f8;padding-top:30px;padding-right:30px;padding-bottom:30px;padding-left:30px\">\n<p>Wir empfehlen <strong><span style=\"text-decoration: underline;\">Cycle Huez<\/span><\/strong> f\u00fcr Ihren Fahrradverleih. Sie bieten eine fantastische Auswahl an Fahrr\u00e4dern und k\u00f6nnen die Lieferung der Fahrr\u00e4der zu unseren Ferienh\u00e4usern koordinieren, sodass sie am Tag Ihrer Ankunft f\u00fcr Sie bereitstehen.<\/p>\n\n\n\n<div class=\"wp-block-group has-global-padding is-layout-constrained wp-block-group-is-layout-constrained\">\n<figure class=\"wp-block-image size-large\"><img loading=\"lazy\" decoding=\"async\" width=\"1024\" height=\"325\" src=\"https:\/\/oisansvacances.fr\/wp-content\/uploads\/2025\/05\/cyclehuez-1-1024x325.jpeg\" alt=\"\" class=\"wp-image-530\" srcset=\"https:\/\/oisansvacances.fr\/wp-content\/uploads\/2025\/05\/cyclehuez-1-1024x325.jpeg 1024w, https:\/\/oisansvacances.fr\/wp-content\/uploads\/2025\/05\/cyclehuez-1-300x95.jpeg 300w, https:\/\/oisansvacances.fr\/wp-content\/uploads\/2025\/05\/cyclehuez-1-18x6.jpeg 18w, https:\/\/oisansvacances.fr\/wp-content\/uploads\/2025\/05\/cyclehuez-1.jpeg 1500w\" sizes=\"auto, (max-width: 1024px) 100vw, 1024px\" \/><\/figure>\n<\/div>\n<\/div>\n\n\n\n<div class=\"wp-block-column is-style-shadow has-background is-layout-flow wp-block-column-is-layout-flow\" style=\"border-style:none;border-width:0px;background-color:#f4f5f8;padding-top:30px;padding-right:30px;padding-bottom:30px;padding-left:30px\">\n<p>In Partnerschaft mit <strong>EkoSport Oz<\/strong>bieten wir exklusive Rabatte auf hochwertige Skiausr\u00fcstung, die sorgf\u00e4ltig auf alle K\u00f6nnerstufen abgestimmt ist.<\/p>\n\n\n\n<p><\/p>\n\n\n\n<figure class=\"wp-block-image size-full\"><a href=\"https:\/\/www.ekosport-rent.com\/fr\/stations-ski\/france\/isere\/alpes\/oz-en-oisans-3725.html\"><img loading=\"lazy\" decoding=\"async\" width=\"613\" height=\"97\" src=\"https:\/\/oisansvacances.fr\/wp-content\/uploads\/2025\/05\/ekosport.jpg\" alt=\"\" class=\"wp-image-531\" srcset=\"https:\/\/oisansvacances.fr\/wp-content\/uploads\/2025\/05\/ekosport.jpg 613w, https:\/\/oisansvacances.fr\/wp-content\/uploads\/2025\/05\/ekosport-300x47.jpg 300w, https:\/\/oisansvacances.fr\/wp-content\/uploads\/2025\/05\/ekosport-18x3.jpg 18w\" sizes=\"auto, (max-width: 613px) 100vw, 613px\" \/><\/a><\/figure>\n\n\n\n<div class=\"wp-block-columns are-vertically-aligned-center is-layout-flex wp-container-core-columns-is-layout-28f84493 wp-block-columns-is-layout-flex\">\n<div class=\"wp-block-column is-vertically-aligned-center is-layout-flow wp-block-column-is-layout-flow\" style=\"flex-basis:100px\"><\/div>\n\n\n\n<div class=\"wp-block-column is-vertically-aligned-center is-layout-flow wp-block-column-is-layout-flow\">\n<p class=\"has-foreground-color has-text-color\"><\/p>\n<\/div>\n<\/div>\n<\/div>\n<\/div>\n<\/div>\n<\/div>\n\n\n\n<div class=\"wp-block-buttons alignfull is-content-justification-center is-layout-flex wp-container-core-buttons-is-layout-a89b3969 wp-block-buttons-is-layout-flex\">\n<div class=\"wp-block-button\"><a class=\"wp-block-button__link wp-element-button\" href=\"mailto:info@oisansvacances.fr\">Kontaktieren Sie uns hier f\u00fcr weitere Informationen und Rabattcodes.<\/a><\/div>\n<\/div>\n\n\n\n<div style=\"height:100px\" aria-hidden=\"true\" class=\"wp-block-spacer\"><\/div>","protected":false},"excerpt":{"rendered":"<p>Make your ski days that but simpler using our gift to you. For winter season bookings our gift to you will be two ski lockers at the base of the Eau d&#8217;Olle Telecabin to store your skis and boots in the secure SATA facility. Of course this adds to the storage space you have at &hellip; <\/p>\n<p class=\"link-more\"><a href=\"https:\/\/oisansvacances.fr\/de\/discounts-and-benefits\/\" class=\"more-link\">Mehr <span class=\"screen-reader-text\">\u00fcber &#8220;Discounts and Benefits&#8221; <\/span>Lesen<\/a><\/p>","protected":false},"author":1,"featured_media":0,"parent":0,"menu_order":0,"comment_status":"closed","ping_status":"closed","template":"","meta":{"inspiro_hide_title":false,"footnotes":""},"class_list":["post-528","page","type-page","status-publish","hentry"],"_links":{"self":[{"href":"https:\/\/oisansvacances.fr\/de\/wp-json\/wp\/v2\/pages\/528","targetHints":{"allow":["GET"]}}],"collection":[{"href":"https:\/\/oisansvacances.fr\/de\/wp-json\/wp\/v2\/pages"}],"about":[{"href":"https:\/\/oisansvacances.fr\/de\/wp-json\/wp\/v2\/types\/page"}],"author":[{"embeddable":true,"href":"https:\/\/oisansvacances.fr\/de\/wp-json\/wp\/v2\/users\/1"}],"replies":[{"embeddable":true,"href":"https:\/\/oisansvacances.fr\/de\/wp-json\/wp\/v2\/comments?post=528"}],"version-history":[{"count":8,"href":"https:\/\/oisansvacances.fr\/de\/wp-json\/wp\/v2\/pages\/528\/revisions"}],"predecessor-version":[{"id":746,"href":"https:\/\/oisansvacances.fr\/de\/wp-json\/wp\/v2\/pages\/528\/revisions\/746"}],"wp:attachment":[{"href":"https:\/\/oisansvacances.fr\/de\/wp-json\/wp\/v2\/media?parent=528"}],"curies":[{"name":"wp","href":"https:\/\/api.w.org\/{rel}","templated":true}]}}

<div class="wp-block-cover alignfull has-parallax" style="min-height:100vh;aspect-ratio:unset;"><div class="wp-block-cover__image-background wp-image-745 size-large has-parallax" style="background-position:50% 50%;background-image:url(https://oisansvacances.fr/wp-content/uploads/2025/11/noura-lac-lauvital-1024x768.jpg)"></div><span aria-hidden="true" class="wp-block-cover__background has-background-dim" style="background-color:#5a6b7e"></span><div class="wp-block-cover__inner-container is-layout-flow wp-block-cover-is-layout-flow">
<p class="has-text-align-center has-white-color has-text-color" style="font-size:clamp(37.821px, 2.364rem + ((1vw - 3.2px) * 2.848), 70px);font-style:normal;font-weight:900"><strong>Günstiger. Einfacher.</strong></p>



<p class="has-text-align-center has-white-color has-text-color has-medium-font-size" style="letter-spacing:1px">Unsere Rabatte und Vorteile helfen Ihnen, das Beste aus Ihrem Urlaub herauszuholen.</p>
</div></div>



<div class="wp-block-columns is-layout-flex wp-container-core-columns-is-layout-28f84493 wp-block-columns-is-layout-flex">
<div class="wp-block-column is-style-shadow has-background is-layout-flow wp-block-column-is-layout-flow" style="border-style:none;border-width:0px;background-color:#f4f5f8;padding-top:30px;padding-right:30px;padding-bottom:30px;padding-left:30px">
<p class="translation-block">Machen Sie Ihre Skitage noch einfacher mit unserem Geschenk. Für Buchungen in der Wintersaison erhalten Sie zwei Skischränke am Fuße der Eau d’Olle-Seilbahn, in denen Sie Ihre Skier und Schuhe sicher im SATA-System aufbewahren können. Dies erweitert natürlich den Stauraum in Ihrer Unterkunft.</p>



<p>Während unsere Partnerschaft mit Alpe d’Huez Ihnen <strong>Rabatte in Geschäften, Bars und bei Aktivitäten auf der gesamten Domäne</strong></p>



<div class="wp-block-columns is-layout-flex wp-container-core-columns-is-layout-28f84493 wp-block-columns-is-layout-flex">
<div class="wp-block-column is-layout-flow wp-block-column-is-layout-flow">
<figure class="wp-block-image aligncenter size-full is-resized"><a href="https://www.oz-vaujany.com/hiver/casiers-a-skis/"><img loading="lazy" decoding="async" width="1024" height="287" src="https://oisansvacances.fr/wp-content/uploads/2025/05/sata-1.png" alt="" class="wp-image-533" style="width:417px;height:auto" srcset="https://oisansvacances.fr/wp-content/uploads/2025/05/sata-1.png 1024w, https://oisansvacances.fr/wp-content/uploads/2025/05/sata-1-300x84.png 300w, https://oisansvacances.fr/wp-content/uploads/2025/05/sata-1-18x5.png 18w" sizes="auto, (max-width: 1024px) 100vw, 1024px" /></a></figure>
</div>



<div class="wp-block-column is-layout-flow wp-block-column-is-layout-flow">
<figure class="wp-block-image aligncenter size-full is-resized"><a href="https://skipass.alpedhuez.com/hiver/club-proprietaire/"><img loading="lazy" decoding="async" width="744" height="288" src="https://oisansvacances.fr/wp-content/uploads/2025/05/alpe-dhuez.png" alt="" class="wp-image-534" style="width:367px;height:auto" srcset="https://oisansvacances.fr/wp-content/uploads/2025/05/alpe-dhuez.png 744w, https://oisansvacances.fr/wp-content/uploads/2025/05/alpe-dhuez-300x116.png 300w, https://oisansvacances.fr/wp-content/uploads/2025/05/alpe-dhuez-18x7.png 18w" sizes="auto, (max-width: 744px) 100vw, 744px" /></a></figure>
</div>
</div>
</div>
</div>



<div class="wp-block-group has-global-padding is-layout-constrained wp-block-group-is-layout-constrained">
<div class="wp-block-group is-layout-flow wp-block-group-is-layout-flow">
<div class="wp-block-columns is-layout-flex wp-container-core-columns-is-layout-28f84493 wp-block-columns-is-layout-flex">
<div class="wp-block-column is-style-shadow has-background is-layout-flow wp-block-column-is-layout-flow" style="border-style:none;border-width:0px;background-color:#f4f5f8;padding-top:30px;padding-right:30px;padding-bottom:30px;padding-left:30px">
<p>Wir empfehlen <strong><span style="text-decoration: underline;">Cycle Huez</span></strong> für Ihren Fahrradverleih. Sie bieten eine fantastische Auswahl an Fahrrädern und können die Lieferung der Fahrräder zu unseren Ferienhäusern koordinieren, sodass sie am Tag Ihrer Ankunft für Sie bereitstehen.</p>



<div class="wp-block-group has-global-padding is-layout-constrained wp-block-group-is-layout-constrained">
<figure class="wp-block-image size-large"><img loading="lazy" decoding="async" width="1024" height="325" src="https://oisansvacances.fr/wp-content/uploads/2025/05/cyclehuez-1-1024x325.jpeg" alt="" class="wp-image-530" srcset="https://oisansvacances.fr/wp-content/uploads/2025/05/cyclehuez-1-1024x325.jpeg 1024w, https://oisansvacances.fr/wp-content/uploads/2025/05/cyclehuez-1-300x95.jpeg 300w, https://oisansvacances.fr/wp-content/uploads/2025/05/cyclehuez-1-18x6.jpeg 18w, https://oisansvacances.fr/wp-content/uploads/2025/05/cyclehuez-1.jpeg 1500w" sizes="auto, (max-width: 1024px) 100vw, 1024px" /></figure>
</div>
</div>



<div class="wp-block-column is-style-shadow has-background is-layout-flow wp-block-column-is-layout-flow" style="border-style:none;border-width:0px;background-color:#f4f5f8;padding-top:30px;padding-right:30px;padding-bottom:30px;padding-left:30px">
<p>In Partnerschaft mit <strong>EkoSport Oz</strong>bieten wir exklusive Rabatte auf hochwertige Skiausrüstung, die sorgfältig auf alle Könnerstufen abgestimmt ist.</p>



<p></p>



<figure class="wp-block-image size-full"><a href="https://www.ekosport-rent.com/fr/stations-ski/france/isere/alpes/oz-en-oisans-3725.html"><img loading="lazy" decoding="async" width="613" height="97" src="https://oisansvacances.fr/wp-content/uploads/2025/05/ekosport.jpg" alt="" class="wp-image-531" srcset="https://oisansvacances.fr/wp-content/uploads/2025/05/ekosport.jpg 613w, https://oisansvacances.fr/wp-content/uploads/2025/05/ekosport-300x47.jpg 300w, https://oisansvacances.fr/wp-content/uploads/2025/05/ekosport-18x3.jpg 18w" sizes="auto, (max-width: 613px) 100vw, 613px" /></a></figure>



<div class="wp-block-columns are-vertically-aligned-center is-layout-flex wp-container-core-columns-is-layout-28f84493 wp-block-columns-is-layout-flex">
<div class="wp-block-column is-vertically-aligned-center is-layout-flow wp-block-column-is-layout-flow" style="flex-basis:100px"></div>



<div class="wp-block-column is-vertically-aligned-center is-layout-flow wp-block-column-is-layout-flow">
<p class="has-foreground-color has-text-color"></p>
</div>
</div>
</div>
</div>
</div>
</div>



<div class="wp-block-buttons alignfull is-content-justification-center is-layout-flex wp-container-core-buttons-is-layout-a89b3969 wp-block-buttons-is-layout-flex">
<div class="wp-block-button"><a class="wp-block-button__link wp-element-button" href="mailto:info@oisansvacances.fr">Kontaktieren Sie uns hier für weitere Informationen und Rabattcodes.</a></div>
</div>



<div style="height:100px" aria-hidden="true" class="wp-block-spacer"></div>

<p>Make your ski days that but simpler using our gift to you. For winter season bookings our gift to you will be two ski lockers at the base of the Eau d&#8217;Olle Telecabin to store your skis and boots in the secure SATA facility. Of course this adds to the storage space you have at &hellip; </p>
<p class="link-more"><a href="https://oisansvacances.fr/de/discounts-and-benefits/" class="more-link">Mehr <span class="screen-reader-text">über &#8220;Discounts and Benefits&#8221; </span>Lesen</a></p>
