{"id":40,"date":"2024-06-10T13:03:15","date_gmt":"2024-06-10T13:03:15","guid":{"rendered":"https:\/\/oisansvacances.fr\/?page_id=40"},"modified":"2026-04-25T12:53:13","modified_gmt":"2026-04-25T12:53:13","slug":"chalets-in-alpe-dhuez-domaine-group-accommodation-oisans","status":"publish","type":"page","link":"https:\/\/oisansvacances.fr\/de\/chalets-in-alpe-dhuez-domaine-group-accommodation-oisans\/","title":{"rendered":"Chalets in Alpe d\u2019Huez Domaine | Gruppenunterkunft Oisans"},"content":{"rendered":"<div class=\"wp-block-group alignfull has-background has-global-padding is-layout-constrained wp-block-group-is-layout-constrained\" style=\"background-color:#e5e9ec;padding-top:var(--wp--preset--spacing--small);padding-bottom:var(--wp--preset--spacing--small)\">\n<div class=\"wp-block-columns is-layout-flex wp-container-core-columns-is-layout-7db7aa3e wp-block-columns-is-layout-flex\" style=\"padding-right:0;padding-left:0\">\n<div class=\"wp-block-column is-vertically-aligned-center is-layout-flow wp-block-column-is-layout-flow\">\n<h2 class=\"wp-block-heading has-medium-font-size\" style=\"text-transform:uppercase\">Perfekte Orte<\/h2>\n\n\n\n<p>Bei Oisans Vacances ist es uns ein Vergn\u00fcgen, perfekte Orte f\u00fcr Ihren Urlaub zu schaffen. Was auch immer Ihre Leidenschaft ist, ob Aktivit\u00e4t oder Entspannung, und ob Sie mit Familie oder Freunden Urlaub machen, wir sind stolz darauf, Ferienunterk\u00fcnfte zu machen, die Ihre Erwartungen \u00fcbertreffen.<\/p>\n\n\n\n<p>Sie werden sehen, dass wir diese Bereiche so gestaltet haben, dass Sie Zugang zu allem haben, was Sie brauchen. Ob Sportger\u00e4te, sichere Aufbewahrung, Kinderspielm\u00f6glichkeiten im Innen- und Au\u00dfenbereich und vieles mehr. Wir haben uns das f\u00fcr Sie ausgedacht.<\/p>\n<\/div>\n\n\n\n<div class=\"wp-block-column is-layout-flow wp-block-column-is-layout-flow\">\n<figure class=\"wp-block-image size-full\"><img decoding=\"async\" src=\"https:\/\/oisansvacances.fr\/wp-content\/uploads\/2024\/09\/house-and-garden.jpg\" alt=\"\" class=\"wp-image-268\"\/><\/figure>\n\n\n\n<div class=\"wp-block-buttons is-layout-flex wp-block-buttons-is-layout-flex\">\n<div class=\"wp-block-button\"><a class=\"wp-block-button__link wp-element-button\" href=\"https:\/\/booking.smoobu.com\/9A965556\">Verf\u00fcgbarkeit pr\u00fcfen und jetzt buchen<\/a><\/div>\n<\/div>\n<\/div>\n<\/div>\n<\/div>\n\n\n\n<div class=\"wp-block-buttons is-content-justification-center is-layout-flex wp-container-core-buttons-is-layout-a89b3969 wp-block-buttons-is-layout-flex\">\n<div class=\"wp-block-button\"><a class=\"wp-block-button__link has-text-align-center wp-element-button\" href=\"https:\/\/maps.app.goo.gl\/Mz6Asi7Hb8UT1u1a6\">Explore our Reviews<\/a><\/div>\n<\/div>\n\n\n\n<div class=\"wp-block-columns is-layout-flex wp-container-core-columns-is-layout-28f84493 wp-block-columns-is-layout-flex\">\n<div class=\"wp-block-column is-layout-flow wp-block-column-is-layout-flow\">\n<div class=\"wp-block-columns is-layout-flex wp-container-core-columns-is-layout-28f84493 wp-block-columns-is-layout-flex\">\n<div class=\"wp-block-column is-layout-flow wp-block-column-is-layout-flow\">\n<p class=\"has-text-align-center\"><strong>5* We highly recommend<\/strong> this spacious, newly established G\u00eete which has just been lovingly renovated. The owners went above and beyond to make sure we and our kids had everything we needed and to make it feel like a home away from home<\/p>\n\n\n\n<p class=\"has-text-align-center\"><strong>Vermarine Stay 2024: Sarah, nick and Family &#8211; UK<\/strong><\/p>\n<\/div>\n\n\n\n<div class=\"wp-block-column is-layout-flow wp-block-column-is-layout-flow\">\n<p class=\"has-text-align-center\"><strong>5* We loved our stay<\/strong> with Oisans Vacances. Gite Vermarine is really big and well equipped. They had arranged complimentary ski lockers for us, discounts with local ski hire and the place was idea for children also with a play room, Xbox and games. Highly recommended!<\/p>\n\n\n\n<p class=\"has-text-align-center\"><strong>Vermarine December 2024: Marilyn and Family &#8211; USA<\/strong><\/p>\n<\/div>\n\n\n\n<div class=\"wp-block-column is-layout-flow wp-block-column-is-layout-flow\">\n<p><strong>5* Unbelievable<\/strong>. I could not fault the stay, beautiful cabin, and the service, owners couldn\u2019t do enough for us. Nothing was too much! I would 100% coming back, and a-lot of my family will too.<\/p>\n\n\n\n<p><strong>Rose Quartz February 2025: Victoria and Family &#8211; UK<\/strong><\/p>\n<\/div>\n<\/div>\n<\/div>\n<\/div>\n\n\n\n<div class=\"wp-block-columns is-layout-flex wp-container-core-columns-is-layout-28f84493 wp-block-columns-is-layout-flex\">\n<div class=\"wp-block-column is-layout-flow wp-block-column-is-layout-flow\">\n<figure class=\"wp-block-image size-large\"><img loading=\"lazy\" decoding=\"async\" width=\"1024\" height=\"683\" src=\"https:\/\/oisansvacances.fr\/wp-content\/uploads\/2025\/06\/L24636-1024x683.jpg\" alt=\"\" class=\"wp-image-688\" srcset=\"https:\/\/oisansvacances.fr\/wp-content\/uploads\/2025\/06\/L24636-1024x683.jpg 1024w, https:\/\/oisansvacances.fr\/wp-content\/uploads\/2025\/06\/L24636-300x200.jpg 300w, https:\/\/oisansvacances.fr\/wp-content\/uploads\/2025\/06\/L24636-18x12.jpg 18w, https:\/\/oisansvacances.fr\/wp-content\/uploads\/2025\/06\/L24636.jpg 1500w\" sizes=\"auto, (max-width: 1024px) 100vw, 1024px\" \/><\/figure>\n\n\n\n<h2 class=\"wp-block-heading\">Rose Quartz<\/h2>\n\n\n\n<p>Rose Quartz is a charming and fully equipped g\u00eete sleeping up to 8. At 100m2 and set on one spacious floor, it has three bedrooms and the opportunity to adapt the room configuration of two bedrooms so it is perfect for families or groups sharing.<\/p>\n\n\n\n<div class=\"wp-block-buttons is-layout-flex wp-block-buttons-is-layout-flex\">\n<div class=\"wp-block-button\"><a class=\"wp-block-button__link wp-element-button\" href=\"https:\/\/oisansvacances.fr\/de\/properties\/rose\/\">Mehr erfahren<\/a><\/div>\n<\/div>\n<\/div>\n\n\n\n<div class=\"wp-block-column is-layout-flow wp-block-column-is-layout-flow\">\n<figure class=\"wp-block-image size-large\"><img loading=\"lazy\" decoding=\"async\" width=\"1024\" height=\"683\" src=\"https:\/\/oisansvacances.fr\/wp-content\/uploads\/2025\/06\/L24597-1024x683.jpg\" alt=\"\" class=\"wp-image-687\" srcset=\"https:\/\/oisansvacances.fr\/wp-content\/uploads\/2025\/06\/L24597-1024x683.jpg 1024w, https:\/\/oisansvacances.fr\/wp-content\/uploads\/2025\/06\/L24597-300x200.jpg 300w, https:\/\/oisansvacances.fr\/wp-content\/uploads\/2025\/06\/L24597-18x12.jpg 18w, https:\/\/oisansvacances.fr\/wp-content\/uploads\/2025\/06\/L24597.jpg 1500w\" sizes=\"auto, (max-width: 1024px) 100vw, 1024px\" \/><\/figure>\n\n\n\n<h2 class=\"wp-block-heading\">Vermarine<\/h2>\n\n\n\n<p>Vermarine gives all the space and facilities your group needs to create the perfect family or activity holiday.Sleeping up to 10 with rooms that are configurable as you need them. It hosts a games room and secure indoor storage \/ workshop so all your needs are met.<\/p>\n\n\n\n<div class=\"wp-block-buttons is-layout-flex wp-block-buttons-is-layout-flex\">\n<div class=\"wp-block-button\"><a class=\"wp-block-button__link wp-element-button\" href=\"https:\/\/oisansvacances.fr\/de\/properties\/vermarine\/\">Mehr erfahren<\/a><\/div>\n<\/div>\n<\/div>\n\n\n\n<div class=\"wp-block-column is-layout-flow wp-block-column-is-layout-flow\">\n<figure class=\"wp-block-image size-full\"><img loading=\"lazy\" decoding=\"async\" width=\"2560\" height=\"1440\" src=\"http:\/\/oisansvacances.fr\/wp-content\/uploads\/2026\/04\/outdoor-scaled.jpg\" alt=\"\" class=\"wp-image-773\" srcset=\"https:\/\/oisansvacances.fr\/wp-content\/uploads\/2026\/04\/outdoor-scaled.jpg 2560w, https:\/\/oisansvacances.fr\/wp-content\/uploads\/2026\/04\/outdoor-300x169.jpg 300w, https:\/\/oisansvacances.fr\/wp-content\/uploads\/2026\/04\/outdoor-1024x576.jpg 1024w, https:\/\/oisansvacances.fr\/wp-content\/uploads\/2026\/04\/outdoor-2000x1125.jpg 2000w, https:\/\/oisansvacances.fr\/wp-content\/uploads\/2026\/04\/outdoor-scaled-18x10.jpg 18w\" sizes=\"auto, (max-width: 2560px) 100vw, 2560px\" \/><\/figure>\n\n\n\n<h2 class=\"wp-block-heading\">Jasper<\/h2>\n\n\n\n<p>Jasper bietet ein frisch renoviertes und perfekt ausgestattetes Ferienhaus f\u00fcr bis zu 7 Personen. Mit offenem Wohn-, Ess- und K\u00fcchenbereich eignet es sich hervorragend f\u00fcr gesellige Urlaube und verf\u00fcgt \u00fcber drei Schlafzimmer. Es ist ideal f\u00fcr Familien oder Gruppen, die gemeinsam Urlaub machen m\u00f6chten.<\/p>\n\n\n\n<div class=\"wp-block-buttons is-layout-flex wp-block-buttons-is-layout-flex\">\n<div class=\"wp-block-button\"><a class=\"wp-block-button__link wp-element-button\" href=\"https:\/\/oisansvacances.fr\/de\/properties\/jasper\/\">Mehr erfahren<\/a><\/div>\n<\/div>\n<\/div>\n<\/div>\n\n\n\n<div style=\"height:29px\" aria-hidden=\"true\" class=\"wp-block-spacer\"><\/div>\n\n\n\n<div id=\"team\" class=\"wp-block-group has-global-padding is-layout-constrained wp-block-group-is-layout-constrained\">\n<div class=\"wp-block-group has-global-padding is-layout-constrained wp-block-group-is-layout-constrained\">\n<div class=\"wp-block-columns are-vertically-aligned-center is-layout-flex wp-container-core-columns-is-layout-28f84493 wp-block-columns-is-layout-flex\">\n<div class=\"wp-block-column is-vertically-aligned-center is-layout-flow wp-block-column-is-layout-flow\">\n<h2 class=\"wp-block-heading has-large-font-size\" style=\"font-weight:700\">Wo sind wir?<\/h2>\n\n\n\n<p style=\"font-size:clamp(0.875em, 0.875rem + ((1vw - 0.2em) * 0.319), 1.1em);\">560 Route de Savoie<\/p>\n\n\n\n<p>38114, Allemond, Isere, France<\/p>\n\n\n\n<p style=\"font-size:clamp(0.875em, 0.875rem + ((1vw - 0.2em) * 0.319), 1.1em);\">Phone: +33.(07).54.29.01.62<br>Email: <a href=\"mailto:example@example.com\">info@oisansvacances.fr<\/a><\/p>\n<\/div>\n\n\n\n<div class=\"wp-block-column is-vertically-aligned-center is-layout-flow wp-block-column-is-layout-flow\">\n<div style=\"height:68px\" aria-hidden=\"true\" class=\"wp-block-spacer\"><\/div>\n\n\n\n<iframe src=\"https:\/\/www.google.com\/maps\/embed?pb=!1m18!1m12!1m3!1d2815.0948455868443!2d6.025359111252709!3d45.124413770949715!2m3!1f0!2f0!3f0!3m2!1i1024!2i768!4f13.1!3m3!1m2!1s0x478a69ec61307753%3A0x453f99f278f0f58c!2s560%20Rte%20de%20Savoie%2C%2038114%20Allemont!5e0!3m2!1sen!2sfr!4v1718100469782!5m2!1sen!2sfr\" width=\"600\" height=\"450\" style=\"border:0;\" allowfullscreen=\"\" loading=\"lazy\" referrerpolicy=\"no-referrer-when-downgrade\"><\/iframe>\n<\/div>\n<\/div>\n<\/div>\n<\/div>","protected":false},"excerpt":{"rendered":"<p>Perfect Places At Oisans Vacances it\u2019s our pleasure to create perfect places for your holidays. Whatever your passion whether it by activity or relaxing, and whether you\u2019re holidaying with family or friends we pride ourselves on making holiday rentals that go above and beyond your expectations. You will see we\u2019ve designed these spaces to give &hellip; <\/p>\n<p class=\"link-more\"><a href=\"https:\/\/oisansvacances.fr\/de\/chalets-in-alpe-dhuez-domaine-group-accommodation-oisans\/\" class=\"more-link\">Mehr <span class=\"screen-reader-text\">\u00fcber &#8220;Chalets in Alpe d\u2019Huez Domaine | Group Accommodation Oisans&#8221; <\/span>Lesen<\/a><\/p>","protected":false},"author":1,"featured_media":0,"parent":0,"menu_order":0,"comment_status":"closed","ping_status":"closed","template":"","meta":{"inspiro_hide_title":false,"footnotes":""},"class_list":["post-40","page","type-page","status-publish","hentry"],"_links":{"self":[{"href":"https:\/\/oisansvacances.fr\/de\/wp-json\/wp\/v2\/pages\/40","targetHints":{"allow":["GET"]}}],"collection":[{"href":"https:\/\/oisansvacances.fr\/de\/wp-json\/wp\/v2\/pages"}],"about":[{"href":"https:\/\/oisansvacances.fr\/de\/wp-json\/wp\/v2\/types\/page"}],"author":[{"embeddable":true,"href":"https:\/\/oisansvacances.fr\/de\/wp-json\/wp\/v2\/users\/1"}],"replies":[{"embeddable":true,"href":"https:\/\/oisansvacances.fr\/de\/wp-json\/wp\/v2\/comments?post=40"}],"version-history":[{"count":24,"href":"https:\/\/oisansvacances.fr\/de\/wp-json\/wp\/v2\/pages\/40\/revisions"}],"predecessor-version":[{"id":775,"href":"https:\/\/oisansvacances.fr\/de\/wp-json\/wp\/v2\/pages\/40\/revisions\/775"}],"wp:attachment":[{"href":"https:\/\/oisansvacances.fr\/de\/wp-json\/wp\/v2\/media?parent=40"}],"curies":[{"name":"wp","href":"https:\/\/api.w.org\/{rel}","templated":true}]}}

<div class="wp-block-group alignfull has-background has-global-padding is-layout-constrained wp-block-group-is-layout-constrained" style="background-color:#e5e9ec;padding-top:var(--wp--preset--spacing--small);padding-bottom:var(--wp--preset--spacing--small)">
<div class="wp-block-columns is-layout-flex wp-container-core-columns-is-layout-7db7aa3e wp-block-columns-is-layout-flex" style="padding-right:0;padding-left:0">
<div class="wp-block-column is-vertically-aligned-center is-layout-flow wp-block-column-is-layout-flow">
<h2 class="wp-block-heading has-medium-font-size" style="text-transform:uppercase">Perfekte Orte</h2>



<p>Bei Oisans Vacances ist es uns ein Vergnügen, perfekte Orte für Ihren Urlaub zu schaffen. Was auch immer Ihre Leidenschaft ist, ob Aktivität oder Entspannung, und ob Sie mit Familie oder Freunden Urlaub machen, wir sind stolz darauf, Ferienunterkünfte zu machen, die Ihre Erwartungen übertreffen.</p>



<p>Sie werden sehen, dass wir diese Bereiche so gestaltet haben, dass Sie Zugang zu allem haben, was Sie brauchen. Ob Sportgeräte, sichere Aufbewahrung, Kinderspielmöglichkeiten im Innen- und Außenbereich und vieles mehr. Wir haben uns das für Sie ausgedacht.</p>
</div>



<div class="wp-block-column is-layout-flow wp-block-column-is-layout-flow">
<figure class="wp-block-image size-full"><img decoding="async" src="https://oisansvacances.fr/wp-content/uploads/2024/09/house-and-garden.jpg" alt="" class="wp-image-268"/></figure>



<div class="wp-block-buttons is-layout-flex wp-block-buttons-is-layout-flex">
<div class="wp-block-button"><a class="wp-block-button__link wp-element-button" href="https://booking.smoobu.com/9A965556">Verfügbarkeit prüfen und jetzt buchen</a></div>
</div>
</div>
</div>
</div>



<div class="wp-block-buttons is-content-justification-center is-layout-flex wp-container-core-buttons-is-layout-a89b3969 wp-block-buttons-is-layout-flex">
<div class="wp-block-button"><a class="wp-block-button__link has-text-align-center wp-element-button" href="https://maps.app.goo.gl/Mz6Asi7Hb8UT1u1a6">Explore our Reviews</a></div>
</div>



<div class="wp-block-columns is-layout-flex wp-container-core-columns-is-layout-28f84493 wp-block-columns-is-layout-flex">
<div class="wp-block-column is-layout-flow wp-block-column-is-layout-flow">
<div class="wp-block-columns is-layout-flex wp-container-core-columns-is-layout-28f84493 wp-block-columns-is-layout-flex">
<div class="wp-block-column is-layout-flow wp-block-column-is-layout-flow">
<p class="has-text-align-center"><strong>5* We highly recommend</strong> this spacious, newly established Gîte which has just been lovingly renovated. The owners went above and beyond to make sure we and our kids had everything we needed and to make it feel like a home away from home</p>



<p class="has-text-align-center"><strong>Vermarine Stay 2024: Sarah, nick and Family &#8211; UK</strong></p>
</div>



<div class="wp-block-column is-layout-flow wp-block-column-is-layout-flow">
<p class="has-text-align-center"><strong>5* We loved our stay</strong> with Oisans Vacances. Gite Vermarine is really big and well equipped. They had arranged complimentary ski lockers for us, discounts with local ski hire and the place was idea for children also with a play room, Xbox and games. Highly recommended!</p>



<p class="has-text-align-center"><strong>Vermarine December 2024: Marilyn and Family &#8211; USA</strong></p>
</div>



<div class="wp-block-column is-layout-flow wp-block-column-is-layout-flow">
<p><strong>5* Unbelievable</strong>. I could not fault the stay, beautiful cabin, and the service, owners couldn’t do enough for us. Nothing was too much! I would 100% coming back, and a-lot of my family will too.</p>



<p><strong>Rose Quartz February 2025: Victoria and Family &#8211; UK</strong></p>
</div>
</div>
</div>
</div>



<div class="wp-block-columns is-layout-flex wp-container-core-columns-is-layout-28f84493 wp-block-columns-is-layout-flex">
<div class="wp-block-column is-layout-flow wp-block-column-is-layout-flow">
<figure class="wp-block-image size-large"><img loading="lazy" decoding="async" width="1024" height="683" src="https://oisansvacances.fr/wp-content/uploads/2025/06/L24636-1024x683.jpg" alt="" class="wp-image-688" srcset="https://oisansvacances.fr/wp-content/uploads/2025/06/L24636-1024x683.jpg 1024w, https://oisansvacances.fr/wp-content/uploads/2025/06/L24636-300x200.jpg 300w, https://oisansvacances.fr/wp-content/uploads/2025/06/L24636-18x12.jpg 18w, https://oisansvacances.fr/wp-content/uploads/2025/06/L24636.jpg 1500w" sizes="auto, (max-width: 1024px) 100vw, 1024px" /></figure>



<h2 class="wp-block-heading">Rose Quartz</h2>



<p>Rose Quartz is a charming and fully equipped gîte sleeping up to 8. At 100m2 and set on one spacious floor, it has three bedrooms and the opportunity to adapt the room configuration of two bedrooms so it is perfect for families or groups sharing.</p>



<div class="wp-block-buttons is-layout-flex wp-block-buttons-is-layout-flex">
<div class="wp-block-button"><a class="wp-block-button__link wp-element-button" href="https://oisansvacances.fr/de/properties/rose/">Mehr erfahren</a></div>
</div>
</div>



<div class="wp-block-column is-layout-flow wp-block-column-is-layout-flow">
<figure class="wp-block-image size-large"><img loading="lazy" decoding="async" width="1024" height="683" src="https://oisansvacances.fr/wp-content/uploads/2025/06/L24597-1024x683.jpg" alt="" class="wp-image-687" srcset="https://oisansvacances.fr/wp-content/uploads/2025/06/L24597-1024x683.jpg 1024w, https://oisansvacances.fr/wp-content/uploads/2025/06/L24597-300x200.jpg 300w, https://oisansvacances.fr/wp-content/uploads/2025/06/L24597-18x12.jpg 18w, https://oisansvacances.fr/wp-content/uploads/2025/06/L24597.jpg 1500w" sizes="auto, (max-width: 1024px) 100vw, 1024px" /></figure>



<h2 class="wp-block-heading">Vermarine</h2>



<p>Vermarine gives all the space and facilities your group needs to create the perfect family or activity holiday.Sleeping up to 10 with rooms that are configurable as you need them. It hosts a games room and secure indoor storage / workshop so all your needs are met.</p>



<div class="wp-block-buttons is-layout-flex wp-block-buttons-is-layout-flex">
<div class="wp-block-button"><a class="wp-block-button__link wp-element-button" href="https://oisansvacances.fr/de/properties/vermarine/">Mehr erfahren</a></div>
</div>
</div>



<div class="wp-block-column is-layout-flow wp-block-column-is-layout-flow">
<figure class="wp-block-image size-full"><img loading="lazy" decoding="async" width="2560" height="1440" src="http://oisansvacances.fr/wp-content/uploads/2026/04/outdoor-scaled.jpg" alt="" class="wp-image-773" srcset="https://oisansvacances.fr/wp-content/uploads/2026/04/outdoor-scaled.jpg 2560w, https://oisansvacances.fr/wp-content/uploads/2026/04/outdoor-300x169.jpg 300w, https://oisansvacances.fr/wp-content/uploads/2026/04/outdoor-1024x576.jpg 1024w, https://oisansvacances.fr/wp-content/uploads/2026/04/outdoor-2000x1125.jpg 2000w, https://oisansvacances.fr/wp-content/uploads/2026/04/outdoor-scaled-18x10.jpg 18w" sizes="auto, (max-width: 2560px) 100vw, 2560px" /></figure>



<h2 class="wp-block-heading">Jasper</h2>



<p>Jasper bietet ein frisch renoviertes und perfekt ausgestattetes Ferienhaus für bis zu 7 Personen. Mit offenem Wohn-, Ess- und Küchenbereich eignet es sich hervorragend für gesellige Urlaube und verfügt über drei Schlafzimmer. Es ist ideal für Familien oder Gruppen, die gemeinsam Urlaub machen möchten.</p>



<div class="wp-block-buttons is-layout-flex wp-block-buttons-is-layout-flex">
<div class="wp-block-button"><a class="wp-block-button__link wp-element-button" href="https://oisansvacances.fr/de/properties/jasper/">Mehr erfahren</a></div>
</div>
</div>
</div>



<div style="height:29px" aria-hidden="true" class="wp-block-spacer"></div>



<div id="team" class="wp-block-group has-global-padding is-layout-constrained wp-block-group-is-layout-constrained">
<div class="wp-block-group has-global-padding is-layout-constrained wp-block-group-is-layout-constrained">
<div class="wp-block-columns are-vertically-aligned-center is-layout-flex wp-container-core-columns-is-layout-28f84493 wp-block-columns-is-layout-flex">
<div class="wp-block-column is-vertically-aligned-center is-layout-flow wp-block-column-is-layout-flow">
<h2 class="wp-block-heading has-large-font-size" style="font-weight:700">Wo sind wir?</h2>



<p style="font-size:clamp(0.875em, 0.875rem + ((1vw - 0.2em) * 0.319), 1.1em);">560 Route de Savoie</p>



<p>38114, Allemond, Isere, France</p>



<p style="font-size:clamp(0.875em, 0.875rem + ((1vw - 0.2em) * 0.319), 1.1em);">Phone: +33.(07).54.29.01.62<br>Email: <a href="mailto:example@example.com">info@oisansvacances.fr</a></p>
</div>



<div class="wp-block-column is-vertically-aligned-center is-layout-flow wp-block-column-is-layout-flow">
<div style="height:68px" aria-hidden="true" class="wp-block-spacer"></div>



<iframe src="https://www.google.com/maps/embed?pb=!1m18!1m12!1m3!1d2815.0948455868443!2d6.025359111252709!3d45.124413770949715!2m3!1f0!2f0!3f0!3m2!1i1024!2i768!4f13.1!3m3!1m2!1s0x478a69ec61307753%3A0x453f99f278f0f58c!2s560%20Rte%20de%20Savoie%2C%2038114%20Allemont!5e0!3m2!1sen!2sfr!4v1718100469782!5m2!1sen!2sfr" width="600" height="450" style="border:0;" allowfullscreen="" loading="lazy" referrerpolicy="no-referrer-when-downgrade"></iframe>
</div>
</div>
</div>
</div>

<p>Perfect Places At Oisans Vacances it’s our pleasure to create perfect places for your holidays. Whatever your passion whether it by activity or relaxing, and whether you’re holidaying with family or friends we pride ourselves on making holiday rentals that go above and beyond your expectations. You will see we’ve designed these spaces to give &hellip; </p>
<p class="link-more"><a href="https://oisansvacances.fr/de/chalets-in-alpe-dhuez-domaine-group-accommodation-oisans/" class="more-link">Mehr <span class="screen-reader-text">über &#8220;Chalets in Alpe d’Huez Domaine | Group Accommodation Oisans&#8221; </span>Lesen</a></p>
